CRAN Package Check Results for Package ppcSpatial

Last updated on 2021-06-17 02:50:50 CEST.

Flavor Version Tinstall Tcheck Ttotal Status Flags
r-devel-linux-x86_64-debian-clang 0.2.0 13.68 132.27 145.95 NOTE
r-devel-linux-x86_64-debian-gcc 0.2.0 12.42 99.51 111.93 NOTE
r-devel-linux-x86_64-fedora-clang 0.2.0 185.71 NOTE
r-devel-linux-x86_64-fedora-gcc 0.2.0 175.50 NOTE
r-devel-windows-x86_64 0.2.0 24.00 157.00 181.00 NOTE
r-devel-windows-x86_64-gcc10-UCRT 0.2.0 ERROR
r-patched-linux-x86_64 0.2.0 14.20 123.96 138.16 NOTE
r-patched-solaris-x86 0.2.0 245.90 NOTE
r-release-linux-x86_64 0.2.0 15.18 124.65 139.83 NOTE
r-release-macos-arm64 0.2.0 NOTE
r-release-macos-x86_64 0.2.0 NOTE
r-release-windows-ix86+x86_64 0.2.0 37.00 156.00 193.00 NOTE
r-oldrel-macos-x86_64 0.2.0 OK
r-oldrel-windows-ix86+x86_64 0.2.0 27.00 164.00 191.00 OK

Check Details

Version: 0.2.0
Check: LazyData
Result: NOTE
     'LazyData' is specified without a 'data' directory
Flavors: r-devel-linux-x86_64-debian-clang, r-devel-linux-x86_64-debian-gcc, r-devel-linux-x86_64-fedora-clang, r-devel-linux-x86_64-fedora-gcc, r-devel-windows-x86_64, r-patched-linux-x86_64, r-patched-solaris-x86, r-release-linux-x86_64, r-release-macos-arm64, r-release-macos-x86_64, r-release-windows-ix86+x86_64

Version: 0.2.0
Check: package dependencies
Result: ERROR
    Package required but not available: 'tmap'
    
    See section 'The DESCRIPTION file' in the 'Writing R Extensions'
    manual.
Flavor: r-devel-windows-x86_64-gcc10-UCRT