CRAN Package Check Results for Package powerbydesign

Last updated on 2021-06-25 01:49:57 CEST.

Flavor Version Tinstall Tcheck Ttotal Status Flags
r-devel-linux-x86_64-debian-clang 1.0.5 2.30 28.18 30.48 NOTE
r-devel-linux-x86_64-debian-gcc 1.0.5 1.78 21.84 23.62 NOTE
r-devel-linux-x86_64-fedora-clang 1.0.5 45.37 NOTE
r-devel-linux-x86_64-fedora-gcc 1.0.5 35.20 NOTE
r-devel-windows-x86_64 1.0.5 5.00 43.00 48.00 NOTE
r-devel-windows-x86_64-gcc10-UCRT 1.0.5 NOTE
r-patched-linux-x86_64 1.0.5 2.32 26.93 29.25 NOTE
r-patched-solaris-x86 1.0.5 55.70 NOTE
r-release-linux-x86_64 1.0.5 1.92 26.86 28.78 NOTE
r-release-macos-arm64 1.0.5 NOTE
r-release-macos-x86_64 1.0.5 NOTE
r-release-windows-ix86+x86_64 1.0.5 4.00 33.00 37.00 NOTE
r-oldrel-macos-x86_64 1.0.5 OK
r-oldrel-windows-ix86+x86_64 1.0.5 6.00 37.00 43.00 OK

Check Details

Version: 1.0.5
Check: LazyData
Result: NOTE
     'LazyData' is specified without a 'data' directory
Flavors: r-devel-linux-x86_64-debian-clang, r-devel-linux-x86_64-debian-gcc, r-devel-linux-x86_64-fedora-clang, r-devel-linux-x86_64-fedora-gcc, r-devel-windows-x86_64, r-devel-windows-x86_64-gcc10-UCRT, r-patched-linux-x86_64, r-patched-solaris-x86, r-release-linux-x86_64, r-release-macos-arm64, r-release-macos-x86_64, r-release-windows-ix86+x86_64