CRAN Package Check Results for Package powerbydesign

Last updated on 2024-06-14 10:54:39 CEST.

Flavor Version Tinstall Tcheck Ttotal Status Flags
r-devel-linux-x86_64-debian-clang 1.0.5 2.20 29.37 31.57 NOTE
r-devel-linux-x86_64-debian-gcc 1.0.5 1.82 22.75 24.57 NOTE
r-devel-linux-x86_64-fedora-clang 1.0.5 40.86 NOTE
r-devel-linux-x86_64-fedora-gcc 1.0.5 38.21 NOTE
r-devel-windows-x86_64 1.0.5 4.00 48.00 52.00 NOTE
r-patched-linux-x86_64 1.0.5 2.43 29.08 31.51 NOTE
r-release-linux-x86_64 1.0.5 1.77 28.64 30.41 NOTE
r-release-macos-arm64 1.0.5 19.00 NOTE
r-release-macos-x86_64 1.0.5 27.00 NOTE
r-release-windows-x86_64 1.0.5 3.00 51.00 54.00 NOTE
r-oldrel-macos-arm64 1.0.5 19.00 NOTE
r-oldrel-macos-x86_64 1.0.5 23.00 NOTE
r-oldrel-windows-x86_64 1.0.5 4.00 50.00 54.00 NOTE

Check Details

Version: 1.0.5
Check: LazyData
Result: NOTE 'LazyData' is specified without a 'data' directory Flavors: r-devel-linux-x86_64-debian-clang, r-devel-linux-x86_64-debian-gcc, r-devel-linux-x86_64-fedora-clang, r-devel-linux-x86_64-fedora-gcc, r-devel-windows-x86_64, r-patched-linux-x86_64, r-release-linux-x86_64, r-release-macos-arm64, r-release-macos-x86_64, r-release-windows-x86_64, r-oldrel-macos-arm64, r-oldrel-macos-x86_64, r-oldrel-windows-x86_64