CRAN Package Check Results for Package postpack

Last updated on 2022-06-30 01:49:16 CEST.

Flavor Version Tinstall Tcheck Ttotal Status Flags
r-devel-linux-x86_64-debian-clang 0.5.3 3.56 39.28 42.84 OK
r-devel-linux-x86_64-debian-gcc 0.5.3 2.95 30.49 33.44 OK
r-devel-linux-x86_64-fedora-clang 0.5.3 63.06 NOTE
r-devel-linux-x86_64-fedora-gcc 0.5.3 60.06 OK
r-devel-windows-x86_64 0.5.3 38.00 81.00 119.00 OK
r-patched-linux-x86_64 0.5.3 3.48 37.70 41.18 OK
r-release-linux-x86_64 0.5.3 2.10 38.67 40.77 OK
r-release-macos-arm64 0.5.3 24.00 OK
r-release-macos-x86_64 0.5.3 50.00 NOTE
r-release-windows-x86_64 0.5.3 37.00 73.00 110.00 OK
r-oldrel-macos-arm64 0.5.3 37.00 NOTE
r-oldrel-macos-x86_64 0.5.3 31.00 OK
r-oldrel-windows-ix86+x86_64 0.5.3 8.00 63.00 71.00 OK

Check Details

Version: 0.5.3
Check: Rd cross-references
Result: NOTE
    Undeclared packages ‘rstan’, ‘R2WinBUGS’, ‘R2jags’, ‘R2OpenBUGS’, ‘nimble’, ‘rjags’, ‘jagsUI’ in Rd xrefs
Flavor: r-devel-linux-x86_64-fedora-clang

Version: 0.5.3
Check: Rd cross-references
Result: NOTE
    Packages unavailable to check Rd xrefs: ‘R2jags’, ‘rjags’, ‘jagsUI’
Flavors: r-release-macos-x86_64, r-oldrel-macos-arm64