CRAN Package Check Results for Package postlightmercury

Last updated on 2022-08-16 15:50:23 CEST.

Flavor Version Tinstall Tcheck Ttotal Status Flags
r-devel-linux-x86_64-debian-clang 1.2 1.87 22.42 24.29 NOTE
r-devel-linux-x86_64-debian-gcc 1.2 1.23 18.04 19.27 NOTE
r-devel-linux-x86_64-fedora-clang 1.2 41.29 NOTE
r-devel-linux-x86_64-fedora-gcc 1.2 39.74 NOTE
r-devel-windows-x86_64 1.2 9.00 49.00 58.00 NOTE
r-patched-linux-x86_64 1.2 2.09 22.03 24.12 NOTE
r-release-linux-x86_64 1.2 1.66 21.98 23.64 NOTE
r-release-macos-arm64 1.2 16.00 NOTE
r-release-macos-x86_64 1.2 20.00 NOTE
r-release-windows-x86_64 1.2 14.00 47.00 61.00 NOTE
r-oldrel-macos-arm64 1.2 20.00 NOTE
r-oldrel-macos-x86_64 1.2 25.00 NOTE
r-oldrel-windows-ix86+x86_64 1.2 6.00 46.00 52.00 NOTE

Check Details

Version: 1.2
Check: LazyData
Result: NOTE
     'LazyData' is specified without a 'data' directory
Flavors: r-devel-linux-x86_64-debian-clang, r-devel-linux-x86_64-debian-gcc, r-devel-linux-x86_64-fedora-clang, r-devel-linux-x86_64-fedora-gcc, r-devel-windows-x86_64, r-patched-linux-x86_64, r-release-linux-x86_64, r-release-macos-arm64, r-release-macos-x86_64, r-release-windows-x86_64, r-oldrel-macos-arm64, r-oldrel-macos-x86_64, r-oldrel-windows-ix86+x86_64