Last updated on 2023-06-06 13:59:48 CEST.
Flavor | Version | Tinstall | Tcheck | Ttotal | Status | Flags |
---|---|---|---|---|---|---|
r-devel-linux-x86_64-debian-clang | 0.2.3 | 1.93 | 21.15 | 23.08 | OK | |
r-devel-linux-x86_64-debian-gcc | 0.2.3 | 1.93 | 17.07 | 19.00 | OK | |
r-devel-linux-x86_64-fedora-clang | 0.2.3 | 30.42 | NOTE | |||
r-devel-linux-x86_64-fedora-gcc | 0.2.3 | 28.54 | OK | |||
r-devel-windows-x86_64 | 0.2.3 | 5.00 | 39.00 | 44.00 | OK | |
r-patched-linux-x86_64 | 0.2.3 | 2.46 | 20.79 | 23.25 | OK | |
r-release-linux-x86_64 | 0.2.3 | 2.36 | 20.81 | 23.17 | OK | |
r-release-macos-arm64 | 0.2.3 | 15.00 | OK | |||
r-release-macos-x86_64 | 0.2.3 | 20.00 | OK | |||
r-release-windows-x86_64 | 0.2.3 | 4.00 | 36.00 | 40.00 | OK | |
r-oldrel-macos-arm64 | 0.2.3 | 15.00 | OK | |||
r-oldrel-macos-x86_64 | 0.2.3 | 21.00 | OK | |||
r-oldrel-windows-x86_64 | 0.2.3 | 5.00 | 42.00 | 47.00 | OK |
Version: 0.2.3
Check: Rd cross-references
Result: NOTE
Undeclared package ‘bslib’ in Rd xrefs
Flavor: r-devel-linux-x86_64-fedora-clang