Last updated on 2023-06-05 14:56:54 CEST.
Flavor | Version | Tinstall | Tcheck | Ttotal | Status | Flags |
---|---|---|---|---|---|---|
r-devel-linux-x86_64-debian-clang | 0.1.3 | 11.31 | 118.72 | 130.03 | OK | |
r-devel-linux-x86_64-debian-gcc | 0.1.3 | 7.56 | 91.14 | 98.70 | OK | |
r-devel-linux-x86_64-fedora-clang | 0.1.3 | 158.35 | OK | |||
r-devel-linux-x86_64-fedora-gcc | 0.1.3 | 166.06 | OK | |||
r-devel-windows-x86_64 | 0.1.3 | 11.00 | 109.00 | 120.00 | OK | |
r-patched-linux-x86_64 | 0.1.3 | 9.43 | 116.00 | 125.43 | OK | |
r-release-linux-x86_64 | 0.1.3 | 9.09 | 116.35 | 125.44 | OK | |
r-release-macos-arm64 | 0.1.3 | 53.00 | OK | |||
r-release-macos-x86_64 | 0.1.3 | 82.00 | NOTE | |||
r-release-windows-x86_64 | 0.1.3 | 12.00 | 132.00 | 144.00 | OK | |
r-oldrel-macos-arm64 | 0.1.3 | 43.00 | OK | |||
r-oldrel-macos-x86_64 | 0.1.3 | 62.00 | OK | |||
r-oldrel-windows-x86_64 | 0.1.3 | 14.00 | 135.00 | 149.00 | OK |
Version: 0.1.3
Check: package dependencies
Result: NOTE
Package suggested but not available for checking: ‘lme4’
Flavor: r-release-macos-x86_64