CRAN Package Check Results for Package postGIStools

Last updated on 2019-04-22 16:54:17 CEST.

Flavor Version Tinstall Tcheck Ttotal Status Flags
r-devel-linux-x86_64-debian-clang 0.2.2 2.66 32.83 35.49 ERROR
r-devel-linux-x86_64-debian-gcc 0.2.2 2.31 26.00 28.31 OK
r-devel-linux-x86_64-fedora-clang 0.2.2 41.75 OK
r-devel-linux-x86_64-fedora-gcc 0.2.2 40.49 OK
r-devel-windows-ix86+x86_64 0.2.2 10.00 41.00 51.00 OK
r-patched-linux-x86_64 0.2.2 2.75 31.80 34.55 OK
r-patched-solaris-x86 0.2.2 67.20 OK
r-release-linux-x86_64 0.2.2 1.77 30.58 32.35 OK
r-release-windows-ix86+x86_64 0.2.2 4.00 63.00 67.00 OK
r-release-osx-x86_64 0.2.2 OK
r-oldrel-windows-ix86+x86_64 0.2.2 4.00 62.00 66.00 OK
r-oldrel-osx-x86_64 0.2.2 OK

Check Details

Version: 0.2.2
Check: tests
Result: ERROR
     Running 'testthat.R' [3s/28s]
    Running the tests in 'tests/testthat.R' failed.
    Complete output:
     > library(testthat)
     > library(postGIStools)
     Loading required package: sp
     >
     > test_check("postGIStools")
     -- 1. Failure: postgis_insert correctly inserts full rows (@test_insert_update.R
     country_sp@data[1:2, -5] not equal to qry@data[, -5].
     Component "name": 1 string mismatch
    
     -- 2. Failure: postgis_insert correctly inserts partial rows (@test_insert_updat
     country_sp$translations[c(1, 2, 4)] %->% "es" not equal to qry$translations[c(1, 2, 4)] %->% "es".
     1/3 mismatches
     x[1]: "Afganistán"
     y[1]: "Afganistán"
    
     -- 3. Failure: postgis_update works with basic data types (@test_insert_update.R
     country_sp@data[1:4, 1:4] not equal to qry@data[, 1:4].
     Component "name": 1 string mismatch
    
     == testthat results ===========================================================
     OK: 46 SKIPPED: 0 FAILED: 3
     1. Failure: postgis_insert correctly inserts full rows (@test_insert_update.R#39)
     2. Failure: postgis_insert correctly inserts partial rows (@test_insert_update.R#58)
     3. Failure: postgis_update works with basic data types (@test_insert_update.R#77)
    
     Error: testthat unit tests failed
     Execution halted
Flavor: r-devel-linux-x86_64-debian-clang