Last updated on 2023-12-10 21:49:23 CET.
Flavor | Version | Tinstall | Tcheck | Ttotal | Status | Flags |
---|---|---|---|---|---|---|
r-devel-linux-x86_64-debian-clang | 1.2.2 | 4.93 | 1153.46 | 1158.39 | OK | |
r-devel-linux-x86_64-debian-gcc | 1.2.2 | 3.75 | 1579.56 | 1583.31 | OK | |
r-devel-linux-x86_64-fedora-clang | 1.2.2 | 1078.31 | OK | |||
r-devel-linux-x86_64-fedora-gcc | 1.2.2 | 2.16 | ERROR | |||
r-devel-windows-x86_64 | 1.2.2 | 6.00 | 521.00 | 527.00 | OK | |
r-patched-linux-x86_64 | 1.2.2 | 5.04 | 735.38 | 740.42 | OK | |
r-release-linux-x86_64 | 1.2.2 | 4.61 | 663.01 | 667.62 | OK | |
r-release-macos-arm64 | 1.2.2 | 200.00 | OK | |||
r-release-macos-x86_64 | 1.2.2 | 522.00 | OK | |||
r-release-windows-x86_64 | 1.2.2 | 7.00 | 1163.00 | 1170.00 | OK | |
r-oldrel-macos-arm64 | 1.2.2 | 388.00 | OK | |||
r-oldrel-macos-x86_64 | 1.2.2 | 341.00 | OK | |||
r-oldrel-windows-x86_64 | 1.2.2 | 6.00 | 573.00 | 579.00 | OK |
Version: 1.2.2
Check: package dependencies
Result: ERROR
Package required but not available: ‘rxode2’
See section ‘The DESCRIPTION file’ in the ‘Writing R Extensions’
manual.
Flavor: r-devel-linux-x86_64-fedora-gcc