CRAN Package Check Results for Package portalr

Last updated on 2019-02-22 02:47:25 CET.

Flavor Version Tinstall Tcheck Ttotal Status Flags
r-devel-linux-x86_64-debian-clang 0.2.1 4.93 191.00 195.93 ERROR
r-devel-linux-x86_64-debian-gcc 0.2.2 4.06 150.63 154.69 OK
r-devel-linux-x86_64-fedora-clang 0.2.2 247.39 OK
r-devel-linux-x86_64-fedora-gcc 0.2.2 218.01 OK
r-devel-windows-ix86+x86_64 0.2.1 14.00 238.00 252.00 ERROR
r-patched-linux-x86_64 0.2.2 4.30 180.12 184.42 OK
r-patched-solaris-x86 0.2.2 320.50 OK
r-release-linux-x86_64 0.2.2 OK
r-release-windows-ix86+x86_64 0.2.2 13.00 293.00 306.00 OK
r-release-osx-x86_64 0.2.1 OK
r-oldrel-windows-ix86+x86_64 0.2.2 13.00 366.00 379.00 OK
r-oldrel-osx-x86_64 0.2.1 OK

Check Details

Version: 0.2.1
Check: tests
Result: ERROR
     Running ‘testthat.R’ [141s/168s]
    Running the tests in ‘tests/testthat.R’ failed.
    Complete output:
     > library(httptest)
     Loading required package: testthat
     > library(portalr)
     >
     > test_check("portalr")
     ── 1. Failure: data generated by level = plot, time = newmoon, type = granivore,
     digest::digest(data) not identical to "22f018525c242edaa3f94814e04d230b".
     1/1 mismatches
     x[1]: "edcd782e39d3a642b3d6273d893f8ed1"
     y[1]: "22f018525c242edaa3f94814e04d230b"
    
     ══ testthat results ═══════════════════════════════════════════════════════════
     OK: 130 SKIPPED: 14 FAILED: 1
     1. Failure: data generated by level = plot, time = newmoon, type = granivore, shape = flat is same (@test-99-regression.R#26)
    
     Error: testthat unit tests failed
     Execution halted
Flavor: r-devel-linux-x86_64-debian-clang

Version: 0.2.1
Check: tests
Result: ERROR
     Running 'testthat.R' [172s]
    Running the tests in 'tests/testthat.R' failed.
    Complete output:
     > library(httptest)
     Loading required package: testthat
     > library(portalr)
     >
     > test_check("portalr")
     -- 1. Failure: data generated by level = plot, time = newmoon, type = granivore,
     digest::digest(data) not identical to "22f018525c242edaa3f94814e04d230b".
     1/1 mismatches
     x[1]: "edcd782e39d3a642b3d6273d893f8ed1"
     y[1]: "22f018525c242edaa3f94814e04d230b"
    
     == testthat results ===========================================================
     OK: 130 SKIPPED: 14 FAILED: 1
     1. Failure: data generated by level = plot, time = newmoon, type = granivore, shape = flat is same (@test-99-regression.R#26)
    
     Error: testthat unit tests failed
     Execution halted
Flavor: r-devel-windows-ix86+x86_64