Last updated on 2025-01-18 22:49:00 CET.
Flavor | Version | Tinstall | Tcheck | Ttotal | Status | Flags |
---|---|---|---|---|---|---|
r-devel-linux-x86_64-debian-clang | 0.3.3 | 47.99 | 69.20 | 117.19 | OK | |
r-devel-linux-x86_64-debian-gcc | 0.3.3 | 33.37 | 49.13 | 82.50 | OK | |
r-devel-linux-x86_64-fedora-clang | 0.3.3 | 195.22 | OK | |||
r-devel-linux-x86_64-fedora-gcc | 0.3.3 | 207.48 | OK | |||
r-devel-windows-x86_64 | 0.3.3 | 47.00 | 101.00 | 148.00 | OK | |
r-patched-linux-x86_64 | 0.3.3 | 52.90 | 64.34 | 117.24 | OK | |
r-release-linux-x86_64 | 0.3.3 | 48.96 | 65.24 | 114.20 | OK | |
r-release-macos-arm64 | 0.3.3 | 49.00 | NOTE | |||
r-release-macos-x86_64 | 0.3.3 | 75.00 | NOTE | |||
r-release-windows-x86_64 | 0.3.3 | 46.00 | 104.00 | 150.00 | OK | |
r-oldrel-macos-arm64 | 0.3.3 | 56.00 | NOTE | |||
r-oldrel-macos-x86_64 | 0.3.3 | 120.00 | NOTE | |||
r-oldrel-windows-x86_64 | 0.3.3 | 49.00 | 126.00 | 175.00 | OK |
Version: 0.3.3
Check: installed package size
Result: NOTE
installed size is 6.4Mb
sub-directories of 1Mb or more:
libs 6.1Mb
Flavors: r-release-macos-arm64, r-release-macos-x86_64, r-oldrel-macos-arm64, r-oldrel-macos-x86_64