CRAN Package Check Results for Package porridge

Last updated on 2021-12-05 22:49:00 CET.

Flavor Version Tinstall Tcheck Ttotal Status Flags
r-devel-linux-x86_64-debian-clang 0.2.1 54.16 50.08 104.24 OK
r-devel-linux-x86_64-debian-gcc 0.2.1 40.63 38.83 79.46 OK
r-devel-linux-x86_64-fedora-clang 0.2.1 155.20 NOTE
r-devel-linux-x86_64-fedora-gcc 0.2.1 128.77 OK
r-devel-windows-x86_64-new-UL 0.2.1 72.00 106.00 178.00 OK
r-devel-windows-x86_64-new-TK 0.2.1 OK
r-devel-windows-x86_64-old 0.2.1 63.00 60.00 123.00 OK
r-patched-linux-x86_64 0.2.1 49.25 39.70 88.95 OK
r-release-linux-x86_64 0.2.1 49.38 47.67 97.05 OK
r-release-macos-arm64 0.2.1 NOTE
r-release-macos-x86_64 0.2.1 NOTE
r-release-windows-ix86+x86_64 0.2.1 121.00 94.00 215.00 OK
r-oldrel-macos-x86_64 0.2.1 NOTE
r-oldrel-windows-ix86+x86_64 0.2.1 119.00 95.00 214.00 OK

Check Details

Version: 0.2.1
Check: installed package size
Result: NOTE
     installed size is 5.5Mb
     sub-directories of 1Mb or more:
     libs 5.3Mb
Flavors: r-devel-linux-x86_64-fedora-clang, r-release-macos-arm64, r-release-macos-x86_64, r-oldrel-macos-x86_64

Version: 0.2.1
Check: Rd cross-references
Result: NOTE
    Undeclared packages ‘rags2ridges’, ‘ragt2ridges’ in Rd xrefs
Flavor: r-devel-linux-x86_64-fedora-clang

Version: 0.2.1
Check: Rd cross-references
Result: NOTE
    Packages unavailable to check Rd xrefs: ‘rags2ridges’, ‘ragt2ridges’
Flavor: r-release-macos-arm64