CRAN Package Check Results for Package popsom

Last updated on 2021-09-19 11:50:13 CEST.

Flavor Version Tinstall Tcheck Ttotal Status Flags
r-devel-linux-x86_64-debian-clang 5.2 8.68 83.41 92.09 OK
r-devel-linux-x86_64-debian-gcc 5.2 6.66 59.47 66.13 OK
r-devel-linux-x86_64-fedora-clang 5.2 113.48 OK
r-devel-linux-x86_64-fedora-gcc 5.2 105.16 OK
r-devel-windows-x86_64 5.2 12.00 109.00 121.00 OK
r-devel-windows-x86_64-gcc10-UCRT 5.2 ERROR
r-patched-linux-x86_64 5.2 9.08 76.90 85.98 OK
r-patched-solaris-x86 5.2 141.30 OK
r-release-linux-x86_64 5.2 7.19 75.91 83.10 OK
r-release-macos-arm64 5.2 OK
r-release-macos-x86_64 5.2 OK
r-release-windows-ix86+x86_64 5.2 23.00 104.00 127.00 OK
r-oldrel-macos-x86_64 5.2 OK
r-oldrel-windows-ix86+x86_64 5.2 24.00 102.00 126.00 OK

Check Details

Version: 5.2
Check: whether package can be installed
Result: ERROR
    Installation failed.
Flavor: r-devel-windows-x86_64-gcc10-UCRT