Last updated on 2022-08-11 03:52:15 CEST.
Flavor | Version | Tinstall | Tcheck | Ttotal | Status | Flags |
---|---|---|---|---|---|---|
r-devel-linux-x86_64-debian-clang | 1.0.0 | 13.91 | 108.93 | 122.84 | NOTE | |
r-devel-linux-x86_64-debian-gcc | 1.0.0 | 10.02 | 80.37 | 90.39 | NOTE | |
r-devel-linux-x86_64-fedora-clang | 1.0.0 | 151.81 | NOTE | |||
r-devel-linux-x86_64-fedora-gcc | 1.0.0 | 146.91 | NOTE | |||
r-devel-windows-x86_64 | 1.0.0 | 14.00 | 124.00 | 138.00 | NOTE | |
r-patched-linux-x86_64 | 1.0.0 | 12.43 | 102.18 | 114.61 | NOTE | |
r-release-linux-x86_64 | 1.0.0 | NOTE | ||||
r-release-macos-arm64 | 1.0.0 | 5.00 | ERROR | |||
r-release-macos-x86_64 | 1.0.0 | 75.00 | NOTE | |||
r-release-windows-x86_64 | 1.0.0 | 19.00 | 124.00 | 143.00 | NOTE | |
r-oldrel-macos-arm64 | 1.0.0 | 5.00 | ERROR | |||
r-oldrel-macos-x86_64 | 1.0.0 | 62.00 | NOTE | |||
r-oldrel-windows-ix86+x86_64 | 1.0.0 | 29.00 | 122.00 | 151.00 | NOTE |
Version: 1.0.0
Check: LazyData
Result: NOTE
'LazyData' is specified without a 'data' directory
Flavors: r-devel-linux-x86_64-debian-clang, r-devel-linux-x86_64-debian-gcc, r-devel-linux-x86_64-fedora-clang, r-devel-linux-x86_64-fedora-gcc, r-devel-windows-x86_64, r-patched-linux-x86_64, r-release-linux-x86_64, r-release-macos-x86_64, r-release-windows-x86_64, r-oldrel-macos-x86_64, r-oldrel-windows-ix86+x86_64
Version: 1.0.0
Check: package dependencies
Result: ERROR
Package required but not available: ‘EmpiricalBrownsMethod’
See section ‘The DESCRIPTION file’ in the ‘Writing R Extensions’
manual.
Flavors: r-release-macos-arm64, r-oldrel-macos-arm64