CRAN Package Check Results for Package pomp

Last updated on 2024-06-14 00:53:53 CEST.

Flavor Version Tinstall Tcheck Ttotal Status Flags
r-devel-linux-x86_64-debian-clang 5.9 33.05 121.07 154.12 OK
r-devel-linux-x86_64-debian-gcc 5.9 27.16 90.39 117.55 NOTE
r-devel-linux-x86_64-fedora-clang 5.9 205.41 OK
r-devel-linux-x86_64-fedora-gcc 5.9 186.00 OK
r-devel-windows-x86_64 5.9 42.00 127.00 169.00 OK
r-patched-linux-x86_64 5.9 41.33 117.38 158.71 OK
r-release-linux-x86_64 5.9 36.41 112.86 149.27 OK
r-release-macos-arm64 5.9 55.00 OK
r-release-macos-x86_64 5.9 110.00 OK
r-release-windows-x86_64 5.9 41.00 129.00 170.00 OK
r-oldrel-macos-arm64 5.9 59.00 OK
r-oldrel-macos-x86_64 5.9 123.00 OK
r-oldrel-windows-x86_64 5.9 48.00 151.00 199.00 OK

Check Details

Version: 5.9
Check: package dependencies
Result: NOTE Packages suggested but not available for checking: 'ggplot2', 'dplyr', 'tidyr', 'nloptr' Flavor: r-devel-linux-x86_64-debian-gcc