CRAN Package Check Results for Package polyqtlR

Last updated on 2021-11-26 23:50:10 CET.

Flavor Version Tinstall Tcheck Ttotal Status Flags
r-devel-linux-x86_64-debian-clang 0.0.6 35.79 115.26 151.05 OK
r-devel-linux-x86_64-debian-gcc 0.0.6 27.84 86.45 114.29 OK
r-devel-linux-x86_64-fedora-clang 0.0.6 221.30 NOTE
r-devel-linux-x86_64-fedora-gcc 0.0.6 198.51 OK
r-devel-windows-x86_64-new-UL 0.0.6 63.00 241.00 304.00 NOTE
r-devel-windows-x86_64-new-TK 0.0.6 OK
r-devel-windows-x86_64-old 0.0.6 46.00 165.00 211.00 NOTE
r-patched-linux-x86_64 0.0.6 37.03 110.83 147.86 OK
r-patched-solaris-x86 0.0.6 202.00 NOTE
r-release-linux-x86_64 0.0.6 OK
r-release-macos-arm64 0.0.6 NOTE
r-release-macos-x86_64 0.0.6 NOTE
r-release-windows-ix86+x86_64 0.0.6 93.00 164.00 257.00 NOTE
r-oldrel-macos-x86_64 0.0.6 NOTE
r-oldrel-windows-ix86+x86_64 0.0.6 85.00 213.00 298.00 NOTE

Check Details

Version: 0.0.6
Check: installed package size
Result: NOTE
     installed size is 5.8Mb
     sub-directories of 1Mb or more:
     data 2.6Mb
     doc 1.7Mb
Flavors: r-devel-linux-x86_64-fedora-clang, r-devel-windows-x86_64-new-UL, r-devel-windows-x86_64-old, r-patched-solaris-x86, r-release-macos-arm64, r-release-macos-x86_64, r-release-windows-ix86+x86_64, r-oldrel-macos-x86_64, r-oldrel-windows-ix86+x86_64