CRAN Package Check Results for Package polypoly

Last updated on 2019-04-23 15:50:57 CEST.

Flavor Version Tinstall Tcheck Ttotal Status Flags
r-devel-linux-x86_64-debian-clang 0.0.2 1.72 35.99 37.71 OK
r-devel-linux-x86_64-debian-gcc 0.0.2 1.45 28.04 29.49 OK
r-devel-linux-x86_64-fedora-clang 0.0.2 44.27 OK
r-devel-linux-x86_64-fedora-gcc 0.0.2 41.36 OK
r-devel-windows-ix86+x86_64 0.0.2 7.00 43.00 50.00 OK
r-patched-linux-x86_64 0.0.2 1.74 34.46 36.20 OK
r-patched-solaris-x86 0.0.2 64.50 OK
r-release-linux-x86_64 0.0.2 1.00 34.44 35.44 NOTE
r-release-windows-ix86+x86_64 0.0.2 2.00 69.00 71.00 OK
r-release-osx-x86_64 0.0.2 OK
r-oldrel-windows-ix86+x86_64 0.0.2 4.00 73.00 77.00 OK
r-oldrel-osx-x86_64 0.0.2 OK

Check Details

Version: 0.0.2
Check: DESCRIPTION meta-information
Result: NOTE
    Dependence on R version ‘3.3.3’ not with patchlevel 0
Flavor: r-release-linux-x86_64