CRAN Package Check Results for Package polynom

Last updated on 2019-03-23 13:49:30 CET.

Flavor Version Tinstall Tcheck Ttotal Status Flags
r-devel-linux-x86_64-debian-clang 1.3-9 2.16 20.53 22.69 OK
r-devel-linux-x86_64-debian-gcc 1.4-0 1.65 22.54 24.19 OK
r-devel-linux-x86_64-fedora-clang 1.4-0 41.20 OK
r-devel-linux-x86_64-fedora-gcc 1.4-0 37.03 OK
r-devel-windows-ix86+x86_64 1.3-9 7.00 74.00 81.00 OK
r-patched-linux-x86_64 1.4-0 1.70 26.70 28.40 OK
r-patched-solaris-x86 1.4-0 42.90 OK
r-release-linux-x86_64 1.4-0 0.26 2.21 2.47 ERROR
r-release-windows-ix86+x86_64 1.3-9 3.00 29.00 32.00 OK
r-release-osx-x86_64 1.3-9 OK
r-oldrel-windows-ix86+x86_64 1.4-0 3.00 62.00 65.00 OK
r-oldrel-osx-x86_64 1.3-9 OK

Check Details

Version: 1.4-0
Check: whether package can be installed
Result: ERROR
    Installation failed.
Flavor: r-release-linux-x86_64