CRAN Package Check Results for Package polylabelr

Last updated on 2022-08-12 22:56:05 CEST.

Flavor Version Tinstall Tcheck Ttotal Status Flags
r-devel-linux-x86_64-debian-clang 0.2.0 17.52 31.59 49.11 NOTE
r-devel-linux-x86_64-debian-gcc 0.2.0 14.58 24.87 39.45 NOTE
r-devel-linux-x86_64-fedora-clang 0.2.0 80.14 NOTE
r-devel-linux-x86_64-fedora-gcc 0.2.0 73.71 NOTE
r-devel-windows-x86_64 0.2.0 40.00 83.00 123.00 NOTE
r-patched-linux-x86_64 0.2.0 14.58 31.27 45.85 NOTE
r-release-linux-x86_64 0.2.0 17.31 31.20 48.51 NOTE
r-release-macos-arm64 0.2.0 21.00 NOTE
r-release-macos-x86_64 0.2.0 32.00 NOTE
r-release-windows-x86_64 0.2.0 36.00 80.00 116.00 NOTE
r-oldrel-macos-arm64 0.2.0 25.00 NOTE
r-oldrel-macos-x86_64 0.2.0 42.00 NOTE
r-oldrel-windows-ix86+x86_64 0.2.0 49.00 80.00 129.00 NOTE

Check Details

Version: 0.2.0
Check: LazyData
Result: NOTE
     'LazyData' is specified without a 'data' directory
Flavors: r-devel-linux-x86_64-debian-clang, r-devel-linux-x86_64-debian-gcc, r-devel-linux-x86_64-fedora-clang, r-devel-linux-x86_64-fedora-gcc, r-devel-windows-x86_64, r-patched-linux-x86_64, r-release-linux-x86_64, r-release-macos-arm64, r-release-macos-x86_64, r-release-windows-x86_64, r-oldrel-macos-arm64, r-oldrel-macos-x86_64, r-oldrel-windows-ix86+x86_64