CRAN Package Check Results for Package polykde

Last updated on 2025-06-24 13:50:57 CEST.

Flavor Version Tinstall Tcheck Ttotal Status Flags
r-devel-linux-x86_64-debian-clang 1.1.4 76.31 135.35 211.66 OK
r-devel-linux-x86_64-debian-gcc 1.1.4 53.89 93.03 146.92 OK
r-devel-linux-x86_64-fedora-clang 1.1.4 393.29 OK
r-devel-linux-x86_64-fedora-gcc 1.1.4 356.52 OK
r-devel-windows-x86_64 1.1.4 87.00 231.00 318.00 OK
r-patched-linux-x86_64 1.1.4 82.06 130.68 212.74 OK
r-release-linux-x86_64 1.1.4 79.52 130.96 210.48 OK
r-release-macos-arm64 1.1.4 99.00 OK
r-release-macos-x86_64 1.1.4 182.00 OK
r-release-windows-x86_64 1.1.4 87.00 225.00 312.00 OK
r-oldrel-macos-arm64 1.1.4 102.00 NOTE
r-oldrel-macos-x86_64 1.1.4 216.00 NOTE
r-oldrel-windows-x86_64 1.1.4 100.00 269.00 369.00 NOTE

Check Details

Version: 1.1.4
Check: installed package size
Result: NOTE installed size is 10.4Mb sub-directories of 1Mb or more: R 2.3Mb data 1.3Mb libs 6.6Mb Flavors: r-oldrel-macos-arm64, r-oldrel-macos-x86_64, r-oldrel-windows-x86_64