CRAN Package Check Results for Package polyglot

Last updated on 2021-07-24 05:49:22 CEST.

Flavor Version Tinstall Tcheck Ttotal Status Flags
r-devel-linux-x86_64-debian-clang 0.3.0 2.87 29.14 32.01 NOTE
r-devel-linux-x86_64-debian-gcc 0.3.0 2.39 22.62 25.01 NOTE
r-devel-linux-x86_64-fedora-clang 0.3.0 49.36 NOTE
r-devel-linux-x86_64-fedora-gcc 0.3.0 36.52 NOTE
r-devel-windows-x86_64 0.3.0 6.00 37.00 43.00 NOTE
r-devel-windows-x86_64-gcc10-UCRT 0.3.0 NOTE
r-patched-linux-x86_64 0.3.0 2.98 27.59 30.57 NOTE
r-patched-solaris-x86 0.3.0 62.40 NOTE
r-release-linux-x86_64 0.3.0 2.63 27.64 30.27 NOTE
r-release-macos-arm64 0.3.0 NOTE
r-release-macos-x86_64 0.3.0 NOTE
r-release-windows-ix86+x86_64 0.3.0 7.00 36.00 43.00 NOTE
r-oldrel-macos-x86_64 0.3.0 OK
r-oldrel-windows-ix86+x86_64 0.3.0 8.00 47.00 55.00 OK

Check Details

Version: 0.3.0
Check: LazyData
Result: NOTE
     'LazyData' is specified without a 'data' directory
Flavors: r-devel-linux-x86_64-debian-clang, r-devel-linux-x86_64-debian-gcc, r-devel-linux-x86_64-fedora-clang, r-devel-linux-x86_64-fedora-gcc, r-devel-windows-x86_64, r-devel-windows-x86_64-gcc10-UCRT, r-patched-linux-x86_64, r-patched-solaris-x86, r-release-linux-x86_64, r-release-macos-arm64, r-release-macos-x86_64, r-release-windows-ix86+x86_64