CRAN Package Check Results for Package polyglot

Last updated on 2021-05-16 12:49:45 CEST.

Flavor Version Tinstall Tcheck Ttotal Status Flags
r-devel-linux-x86_64-debian-clang 0.3.0 3.19 29.22 32.41 NOTE
r-devel-linux-x86_64-debian-gcc 0.3.0 2.33 22.32 24.65 NOTE
r-devel-linux-x86_64-fedora-clang 0.3.0 48.89 NOTE
r-devel-linux-x86_64-fedora-gcc 0.3.0 36.24 NOTE
r-devel-windows-ix86+x86_64 0.3.0 8.00 35.00 43.00 NOTE
r-devel-windows-x86_64-gcc10-UCRT 0.3.0 NOTE
r-patched-linux-x86_64 0.3.0 2.85 27.82 30.67 NOTE
r-patched-solaris-x86 0.3.0 61.70 NOTE
r-release-linux-x86_64 0.3.0 3.10 27.32 30.42 OK
r-release-macos-x86_64 0.3.0 OK
r-release-windows-ix86+x86_64 0.3.0 6.00 45.00 51.00 OK
r-oldrel-macos-x86_64 0.3.0 OK
r-oldrel-windows-ix86+x86_64 0.3.0 4.00 46.00 50.00 OK

Check Details

Version: 0.3.0
Check: LazyData
Result: NOTE
     'LazyData' is specified without a 'data' directory
Flavors: r-devel-linux-x86_64-debian-clang, r-devel-linux-x86_64-debian-gcc, r-devel-linux-x86_64-fedora-clang, r-devel-linux-x86_64-fedora-gcc, r-devel-windows-ix86+x86_64, r-devel-windows-x86_64-gcc10-UCRT, r-patched-linux-x86_64, r-patched-solaris-x86