CRAN Package Check Results for Package policytree

Last updated on 2023-06-06 13:59:47 CEST.

Flavor Version Tinstall Tcheck Ttotal Status Flags
r-devel-linux-x86_64-debian-clang 1.2.1 20.61 36.20 56.81 NOTE
r-devel-linux-x86_64-debian-gcc 1.2.1 17.87 28.51 46.38 NOTE
r-devel-linux-x86_64-fedora-clang 1.2.1 85.22 NOTE
r-devel-linux-x86_64-fedora-gcc 1.2.1 83.41 NOTE
r-devel-windows-x86_64 1.2.1 21.00 70.00 91.00 NOTE
r-patched-linux-x86_64 1.2.1 22.42 35.52 57.94 NOTE
r-release-linux-x86_64 1.2.1 18.38 35.42 53.80 NOTE
r-release-macos-arm64 1.2.1 29.00 NOTE
r-release-macos-x86_64 1.2.1 40.00 NOTE
r-release-windows-x86_64 1.2.1 26.00 75.00 101.00 NOTE
r-oldrel-macos-arm64 1.2.1 24.00 OK
r-oldrel-macos-x86_64 1.2.1 35.00 OK
r-oldrel-windows-x86_64 1.2.1 25.00 73.00 98.00 OK

Check Details

Version: 1.2.1
Check: C++ specification
Result: NOTE
     Specified C++11: please drop specification unless essential
Flavors: r-devel-linux-x86_64-debian-clang, r-devel-linux-x86_64-debian-gcc, r-devel-linux-x86_64-fedora-clang, r-devel-linux-x86_64-fedora-gcc, r-devel-windows-x86_64, r-patched-linux-x86_64, r-release-linux-x86_64, r-release-macos-arm64, r-release-macos-x86_64, r-release-windows-x86_64

Version: 1.2.1
Check: package dependencies
Result: NOTE
    Package suggested but not available for checking: ‘DiagrammeR’
Flavor: r-release-macos-x86_64