Last updated on 2023-01-27 23:38:05 CET.
Flavor | Version | Tinstall | Tcheck | Ttotal | Status | Flags |
---|---|---|---|---|---|---|
r-devel-linux-x86_64-debian-clang | 0.11.2 | 26.91 | 238.16 | 265.07 | OK | |
r-devel-linux-x86_64-debian-gcc | 0.11.2 | 20.97 | 174.03 | 195.00 | OK | |
r-devel-linux-x86_64-fedora-clang | 0.11.2 | 338.80 | NOTE | |||
r-devel-linux-x86_64-fedora-gcc | 0.11.2 | 312.42 | NOTE | |||
r-patched-linux-x86_64 | 0.11.2 | 33.66 | 192.66 | 226.32 | OK | |
r-release-linux-x86_64 | 0.11.2 | 18.52 | 191.39 | 209.91 | OK | |
r-release-macos-arm64 | 0.11.2 | 73.00 | NOTE | |||
r-release-macos-x86_64 | 0.11.2 | 93.00 | NOTE | |||
r-release-windows-x86_64 | 0.11.2 | 343.00 | 233.00 | 576.00 | OK | |
r-oldrel-macos-arm64 | 0.11.2 | 73.00 | NOTE | |||
r-oldrel-macos-x86_64 | 0.11.2 | 95.00 | NOTE | |||
r-oldrel-windows-ix86+x86_64 | 0.11.2 | 48.00 | 213.00 | 261.00 | OK |
Version: 0.11.2
Check: data for non-ASCII characters
Result: NOTE
Note: found 1 marked UTF-8 string
Flavors: r-devel-linux-x86_64-fedora-clang, r-devel-linux-x86_64-fedora-gcc, r-release-macos-arm64, r-release-macos-x86_64, r-oldrel-macos-arm64, r-oldrel-macos-x86_64