CRAN Package Check Results for Package pmcgd

Last updated on 2022-01-20 04:53:01 CET.

Flavor Version Tinstall Tcheck Ttotal Status Flags
r-devel-linux-x86_64-debian-clang 1.1 NOTE
r-devel-linux-x86_64-debian-gcc 1.1 3.60 35.67 39.27 NOTE
r-devel-linux-x86_64-fedora-clang 1.1 62.77 NOTE
r-devel-linux-x86_64-fedora-gcc 1.1 51.57 NOTE
r-devel-windows-x86_64-new-UL 1.1 27.00 62.00 89.00 NOTE
r-devel-windows-x86_64-new-TK 1.1 NOTE
r-patched-linux-x86_64 1.1 5.20 44.63 49.83 NOTE
r-release-linux-x86_64 1.1 NOTE
r-release-macos-arm64 1.1 NOTE
r-release-macos-x86_64 1.1 NOTE
r-release-windows-ix86+x86_64 1.1 10.00 59.00 69.00 NOTE
r-oldrel-macos-x86_64 1.1 NOTE
r-oldrel-windows-ix86+x86_64 1.1 10.00 57.00 67.00 NOTE

Check Details

Version: 1.1
Check: DESCRIPTION meta-information
Result: NOTE
    Malformed Description field: should contain one or more complete sentences.
Flavors: r-devel-linux-x86_64-debian-clang, r-devel-linux-x86_64-debian-gcc, r-devel-linux-x86_64-fedora-clang, r-devel-linux-x86_64-fedora-gcc, r-devel-windows-x86_64-new-UL, r-devel-windows-x86_64-new-TK, r-patched-linux-x86_64, r-release-linux-x86_64, r-release-macos-arm64, r-release-macos-x86_64, r-release-windows-ix86+x86_64, r-oldrel-macos-x86_64, r-oldrel-windows-ix86+x86_64

Version: 1.1
Check: R code for possible problems
Result: NOTE
    .MCM: no visible global function definition for 'runif'
    .MCM: no visible global function definition for 'rmultinom'
    .MCM: no visible global function definition for 'mahalanobis'
    .MCM: no visible global function definition for 'optimize'
    .MCM : f: no visible global function definition for 'mahalanobis'
    .MCM: no visible global function definition for 'alarm'
    .igpark: no visible global function definition for 'kmeans'
    .loglik: no visible global function definition for 'mahalanobis'
    .plot.gpcm: no visible global function definition for 'lines'
    .plot.gpcm: no visible global function definition for 'legend'
    .rwgpar: no visible global function definition for 'rexp'
    .weights: no visible global function definition for 'mahalanobis'
    Undefined global functions or variables:
     alarm kmeans legend lines mahalanobis optimize rexp rmultinom runif
    Consider adding
     importFrom("graphics", "legend", "lines")
     importFrom("stats", "kmeans", "mahalanobis", "optimize", "rexp",
     "rmultinom", "runif")
     importFrom("utils", "alarm")
    to your NAMESPACE file.
Flavors: r-devel-linux-x86_64-debian-clang, r-devel-linux-x86_64-debian-gcc, r-devel-linux-x86_64-fedora-clang, r-devel-linux-x86_64-fedora-gcc, r-devel-windows-x86_64-new-UL, r-devel-windows-x86_64-new-TK, r-patched-linux-x86_64, r-release-linux-x86_64, r-release-macos-arm64, r-release-macos-x86_64, r-release-windows-ix86+x86_64, r-oldrel-macos-x86_64, r-oldrel-windows-ix86+x86_64