Last updated on 2023-04-01 11:51:36 CEST.
Flavor | Version | Tinstall | Tcheck | Ttotal | Status | Flags |
---|---|---|---|---|---|---|
r-devel-linux-x86_64-debian-clang | 0.2.0 | 2.55 | 34.44 | 36.99 | OK | |
r-devel-linux-x86_64-debian-gcc | 0.2.0 | 2.51 | 27.31 | 29.82 | OK | |
r-devel-linux-x86_64-fedora-clang | 0.2.0 | 47.45 | OK | |||
r-devel-linux-x86_64-fedora-gcc | 0.2.0 | 56.05 | OK | |||
r-devel-windows-x86_64 | 0.2.0 | 6.00 | 63.00 | 69.00 | OK | |
r-patched-linux-x86_64 | 0.2.0 | 3.25 | 34.09 | 37.34 | OK | |
r-release-linux-x86_64 | 0.2.0 | 2.71 | 34.58 | 37.29 | OK | |
r-release-macos-arm64 | 0.2.0 | 19.00 | OK | |||
r-release-macos-x86_64 | 0.2.0 | 26.00 | OK | |||
r-release-windows-x86_64 | 0.2.0 | 18.00 | 71.00 | 89.00 | OK | |
r-oldrel-macos-arm64 | 0.2.0 | 25.00 | OK | |||
r-oldrel-macos-x86_64 | 0.2.0 | 36.00 | OK | |||
r-oldrel-windows-ix86+x86_64 | 0.2.0 | 10.00 | 73.00 | 83.00 | NOTE |
Version: 0.2.0
Check: R code for possible problems
Result: NOTE
Initiating curl with CURL_SSL_BACKEND: openssl
Flavor: r-oldrel-windows-ix86+x86_64