CRAN Package Check Results for Package plumber

Last updated on 2021-10-17 06:49:46 CEST.

Flavor Version Tinstall Tcheck Ttotal Status Flags
r-devel-linux-x86_64-debian-clang 1.1.0 15.21 82.97 98.18 NOTE
r-devel-linux-x86_64-debian-gcc 1.1.0 11.30 95.90 107.20 NOTE
r-devel-linux-x86_64-fedora-clang 1.1.0 125.53 NOTE
r-devel-linux-x86_64-fedora-gcc 1.1.0 195.16 NOTE
r-devel-windows-x86_64 1.1.0 21.00 115.00 136.00 NOTE
r-devel-windows-x86_64-gcc10-UCRT 1.1.0 NOTE
r-patched-linux-x86_64 1.1.0 13.80 116.45 130.25 NOTE
r-patched-solaris-x86 1.1.0 140.10 ERROR
r-release-linux-x86_64 1.1.0 11.78 117.00 128.78 NOTE
r-release-macos-arm64 1.1.0 NOTE
r-release-macos-x86_64 1.1.0 NOTE
r-release-windows-ix86+x86_64 1.1.0 15.00 113.00 128.00 NOTE
r-oldrel-macos-x86_64 1.1.0 OK
r-oldrel-windows-ix86+x86_64 1.1.0 26.00 116.00 142.00 OK

Check Details

Version: 1.1.0
Check: LazyData
Result: NOTE
     'LazyData' is specified without a 'data' directory
Flavors: r-devel-linux-x86_64-debian-clang, r-devel-linux-x86_64-debian-gcc, r-devel-linux-x86_64-fedora-clang, r-devel-linux-x86_64-fedora-gcc, r-devel-windows-x86_64, r-devel-windows-x86_64-gcc10-UCRT, r-patched-linux-x86_64, r-patched-solaris-x86, r-release-linux-x86_64, r-release-macos-arm64, r-release-macos-x86_64, r-release-windows-ix86+x86_64

Version: 1.1.0
Check: tests
Result: ERROR
     Running ‘spelling.R’
     Running ‘testthat.R’ [1m/180m]
    Running the tests in ‘tests/testthat.R’ failed.
    Complete output:
     > library(testthat)
     > library(plumber)
     >
     > test_check("plumber")
    
    
     Execution halted
Flavor: r-patched-solaris-x86