CRAN Package Check Results for Package plu

Last updated on 2021-08-05 10:52:04 CEST.

Flavor Version Tinstall Tcheck Ttotal Status Flags
r-devel-linux-x86_64-debian-clang 0.2.1 3.30 35.41 38.71 OK
r-devel-linux-x86_64-debian-gcc 0.2.1 2.66 27.71 30.37 OK
r-devel-linux-x86_64-fedora-clang 0.2.1 55.44 OK
r-devel-linux-x86_64-fedora-gcc 0.2.1 44.86 OK
r-devel-windows-x86_64 0.2.1 6.00 51.00 57.00 OK
r-devel-windows-x86_64-gcc10-UCRT 0.2.1 ERROR
r-patched-linux-x86_64 0.2.1 3.46 33.69 37.15 OK
r-patched-solaris-x86 0.2.1 69.50 OK
r-release-linux-x86_64 0.2.1 3.32 34.57 37.89 OK
r-release-macos-arm64 0.2.1 OK
r-release-macos-x86_64 0.2.1 OK
r-release-windows-ix86+x86_64 0.2.1 12.00 40.00 52.00 OK
r-oldrel-macos-x86_64 0.2.1 OK
r-oldrel-windows-ix86+x86_64 0.2.1 7.00 51.00 58.00 OK

Check Details

Version: 0.2.1
Check: package dependencies
Result: NOTE
    Package suggested but not available for checking: 'testthat'
Flavor: r-devel-windows-x86_64-gcc10-UCRT

Version: 0.2.1
Check: tests
Result: ERROR
     Running 'testthat.R'
    Running the tests in 'tests/testthat.R' failed.
    Complete output:
     > library(testthat)
     Error in library(testthat) : there is no package called 'testthat'
     Execution halted
Flavor: r-devel-windows-x86_64-gcc10-UCRT