Last updated on 2023-06-07 23:40:43 CEST.
Flavor | Version | Tinstall | Tcheck | Ttotal | Status | Flags |
---|---|---|---|---|---|---|
r-devel-linux-x86_64-debian-clang | 0.5.0 | 9.32 | 72.78 | 82.10 | OK | |
r-devel-linux-x86_64-debian-gcc | 0.5.0 | 6.37 | 54.20 | 60.57 | OK | |
r-devel-linux-x86_64-fedora-clang | 0.5.0 | 98.50 | OK | |||
r-devel-linux-x86_64-fedora-gcc | 0.5.0 | 105.80 | OK | |||
r-devel-windows-x86_64 | 0.5.0 | 9.00 | 97.00 | 106.00 | OK | |
r-patched-linux-x86_64 | 0.5.0 | 12.29 | 70.09 | 82.38 | OK | |
r-release-linux-x86_64 | 0.5.0 | 8.05 | 68.43 | 76.48 | OK | |
r-release-macos-arm64 | 0.5.0 | 37.00 | OK | |||
r-release-macos-x86_64 | 0.5.0 | 55.00 | NOTE | |||
r-release-windows-x86_64 | 0.5.0 | 11.00 | 101.00 | 112.00 | OK | |
r-oldrel-macos-arm64 | 0.5.0 | 33.00 | OK | |||
r-oldrel-macos-x86_64 | 0.5.0 | 44.00 | OK | |||
r-oldrel-windows-x86_64 | 0.5.0 | 11.00 | 103.00 | 114.00 | OK |
Version: 0.5.0
Check: package dependencies
Result: NOTE
Package suggested but not available for checking: ‘FactoMineR’
Flavor: r-release-macos-x86_64