CRAN Package Check Results for Package plotscale

Last updated on 2019-09-21 17:46:57 CEST.

Flavor Version Tinstall Tcheck Ttotal Status Flags
r-devel-linux-x86_64-debian-clang 0.1.6 2.06 44.59 46.65 OK
r-devel-linux-x86_64-debian-gcc 0.1.6 1.69 35.17 36.86 OK
r-devel-linux-x86_64-fedora-clang 0.1.6 56.20 NOTE
r-devel-linux-x86_64-fedora-gcc 0.1.6 57.45 NOTE
r-devel-windows-ix86+x86_64 0.1.6 9.00 56.00 65.00 OK
r-patched-linux-x86_64 0.1.6 1.56 44.85 46.41 OK
r-patched-solaris-x86 0.1.6 75.50 NOTE
r-release-linux-x86_64 0.1.6 1.55 45.38 46.93 OK
r-release-windows-ix86+x86_64 0.1.6 6.00 57.00 63.00 OK
r-release-osx-x86_64 0.1.6 NOTE
r-oldrel-windows-ix86+x86_64 0.1.6 4.00 52.00 56.00 OK
r-oldrel-osx-x86_64 0.1.6 NOTE

Check Details

Version: 0.1.6
Check: dependencies in R code
Result: NOTE
    Namespace in Imports field not imported from: ‘graphics’
     All declared Imports should be used.
Flavors: r-devel-linux-x86_64-fedora-clang, r-devel-linux-x86_64-fedora-gcc, r-patched-solaris-x86, r-release-osx-x86_64, r-oldrel-osx-x86_64