CRAN Package Check Results for Package plotscale

Last updated on 2020-02-26 10:48:28 CET.

Flavor Version Tinstall Tcheck Ttotal Status Flags
r-devel-linux-x86_64-debian-clang 0.1.6 1.76 49.89 51.65 OK
r-devel-linux-x86_64-debian-gcc 0.1.6 1.93 37.72 39.65 OK
r-devel-linux-x86_64-fedora-clang 0.1.6 60.03 NOTE
r-devel-linux-x86_64-fedora-gcc 0.1.6 60.53 NOTE
r-devel-windows-ix86+x86_64 0.1.6 7.00 54.00 61.00 OK
r-devel-windows-ix86+x86_64-gcc8 0.1.6 7.00 61.00 68.00 OK
r-patched-linux-x86_64 0.1.6 1.89 44.66 46.55 OK
r-patched-solaris-x86 0.1.6 75.50 NOTE
r-release-linux-x86_64 0.1.6 1.71 44.68 46.39 OK
r-release-windows-ix86+x86_64 0.1.6 6.00 59.00 65.00 OK
r-release-osx-x86_64 0.1.6 NOTE
r-oldrel-windows-ix86+x86_64 0.1.6 7.00 58.00 65.00 OK
r-oldrel-osx-x86_64 0.1.6 NOTE

Check Details

Version: 0.1.6
Check: dependencies in R code
Result: NOTE
    Namespace in Imports field not imported from: ‘graphics’
     All declared Imports should be used.
Flavors: r-devel-linux-x86_64-fedora-clang, r-devel-linux-x86_64-fedora-gcc, r-patched-solaris-x86, r-release-osx-x86_64, r-oldrel-osx-x86_64