CRAN Package Check Results for Package plotrr

Last updated on 2019-09-22 19:51:27 CEST.

Flavor Version Tinstall Tcheck Ttotal Status Flags
r-devel-linux-x86_64-debian-clang 1.0.0 1.87 38.76 40.63 OK
r-devel-linux-x86_64-debian-gcc 1.0.0 1.85 29.97 31.82 OK
r-devel-linux-x86_64-fedora-clang 1.0.0 47.83 NOTE
r-devel-linux-x86_64-fedora-gcc 1.0.0 50.85 NOTE
r-devel-windows-ix86+x86_64 1.0.0 12.00 51.00 63.00 OK
r-patched-linux-x86_64 1.0.0 1.66 37.62 39.28 OK
r-patched-solaris-x86 1.0.0 68.60 NOTE
r-release-linux-x86_64 1.0.0 1.75 38.22 39.97 OK
r-release-windows-ix86+x86_64 1.0.0 10.00 70.00 80.00 OK
r-release-osx-x86_64 1.0.0 NOTE
r-oldrel-windows-ix86+x86_64 1.0.0 2.00 49.00 51.00 OK
r-oldrel-osx-x86_64 1.0.0 NOTE

Check Details

Version: 1.0.0
Check: dependencies in R code
Result: NOTE
    Namespaces in Imports field not imported from:
     ‘dplyr’ ‘stats’
     All declared Imports should be used.
Flavors: r-devel-linux-x86_64-fedora-clang, r-devel-linux-x86_64-fedora-gcc, r-patched-solaris-x86, r-release-osx-x86_64, r-oldrel-osx-x86_64