CRAN Package Check Results for Package plotrr

Last updated on 2020-06-01 06:48:33 CEST.

Flavor Version Tinstall Tcheck Ttotal Status Flags
r-devel-linux-x86_64-debian-clang 1.0.0 2.22 43.92 46.14 OK
r-devel-linux-x86_64-debian-gcc 1.0.0 1.73 34.23 35.96 OK
r-devel-linux-x86_64-fedora-clang 1.0.0 61.94 NOTE
r-devel-linux-x86_64-fedora-gcc 1.0.0 53.59 NOTE
r-devel-windows-ix86+x86_64 1.0.0 9.00 74.00 83.00 OK
r-patched-linux-x86_64 1.0.0 2.36 43.47 45.83 OK
r-patched-solaris-x86 1.0.0 79.10 NOTE
r-release-linux-x86_64 1.0.0 2.31 43.63 45.94 OK
r-release-osx-x86_64 1.0.0 NOTE
r-release-windows-ix86+x86_64 1.0.0 7.00 135.00 142.00 OK
r-oldrel-osx-x86_64 1.0.0 NOTE
r-oldrel-windows-ix86+x86_64 1.0.0 5.00 61.00 66.00 OK

Check Details

Version: 1.0.0
Check: dependencies in R code
Result: NOTE
    Namespaces in Imports field not imported from:
     ‘dplyr’ ‘stats’
     All declared Imports should be used.
Flavors: r-devel-linux-x86_64-fedora-clang, r-devel-linux-x86_64-fedora-gcc, r-patched-solaris-x86, r-release-osx-x86_64, r-oldrel-osx-x86_64