CRAN Package Check Results for Package plotly

Last updated on 2019-07-19 15:47:06 CEST.

Flavor Version Tinstall Tcheck Ttotal Status Flags
r-devel-linux-x86_64-debian-clang 4.9.0 16.64 256.82 273.46 OK
r-devel-linux-x86_64-debian-gcc 4.9.0 11.74 253.56 265.30 OK
r-devel-linux-x86_64-fedora-clang 4.9.0 282.92 NOTE
r-devel-linux-x86_64-fedora-gcc 4.9.0 292.61 OK
r-devel-windows-ix86+x86_64 4.9.0 37.00 301.00 338.00 NOTE
r-patched-linux-x86_64 4.9.0 13.49 237.31 250.80 OK
r-patched-solaris-x86 4.9.0 316.00 ERROR
r-release-linux-x86_64 4.9.0 15.62 247.34 262.96 OK
r-release-windows-ix86+x86_64 4.9.0 24.00 203.00 227.00 NOTE
r-release-osx-x86_64 4.9.0 ERROR
r-oldrel-windows-ix86+x86_64 4.9.0 23.00 282.00 305.00 NOTE
r-oldrel-osx-x86_64 4.9.0 ERROR

Check Details

Version: 4.9.0
Check: installed package size
Result: NOTE
     installed size is 6.4Mb
     sub-directories of 1Mb or more:
     htmlwidgets 3.4Mb
Flavors: r-devel-linux-x86_64-fedora-clang, r-devel-windows-ix86+x86_64, r-patched-solaris-x86, r-release-windows-ix86+x86_64, r-release-osx-x86_64, r-oldrel-windows-ix86+x86_64, r-oldrel-osx-x86_64

Version: 4.9.0
Check: examples
Result: ERROR
    Running examples in ‘plotly-Ex.R’ failed
    The error most likely occurred in:
    
    > ### Name: partial_bundle
    > ### Title: Use a partial bundle of plotly.js
    > ### Aliases: partial_bundle
    >
    > ### ** Examples
    >
    >
    > # ----------------------------------------------------------------------
    > # This function is always safe to use when rendering a single
    > # plotly graph. In this case, we get a 3x file reduction.
    > # ----------------------------------------------------------------------
    >
    > library(plotly)
    > p <- plot_ly(x = 1:10, y = 1:10) %>% add_markers()
    > save_widget <- function(p, f) {
    + owd <- setwd(dirname(f))
    + on.exit(setwd(owd))
    + htmlwidgets::saveWidget(p, f)
    + mb <- round(file.info(f)$size / 1e6, 3)
    + message("File is: ", mb," MB")
    + }
    > f1 <- tempfile(fileext = ".html")
    > f2 <- tempfile(fileext = ".html")
    > save_widget(p, f1)
    Error in htmlwidgets::saveWidget(p, f) :
     Saving a widget with selfcontained = TRUE requires pandoc. For details see:
    https://github.com/rstudio/rmarkdown/blob/master/PANDOC.md
    Calls: save_widget -> <Anonymous>
    Execution halted
Flavors: r-patched-solaris-x86, r-release-osx-x86_64, r-oldrel-osx-x86_64