CRAN Package Check Results for Package plothelper

Last updated on 2020-01-19 21:48:52 CET.

Flavor Version Tinstall Tcheck Ttotal Status Flags
r-devel-linux-x86_64-debian-clang 0.1.6 6.92 56.12 63.04 OK
r-devel-linux-x86_64-debian-gcc 0.1.6 6.64 42.53 49.17 OK
r-devel-linux-x86_64-fedora-clang 0.1.6 76.72 OK
r-devel-linux-x86_64-fedora-gcc 0.1.6 72.35 OK
r-devel-windows-ix86+x86_64 0.1.6 25.00 74.00 99.00 OK
r-devel-windows-ix86+x86_64-gcc8 0.1.6 17.00 91.00 108.00 OK
r-patched-linux-x86_64 0.1.6 6.20 49.40 55.60 OK
r-patched-solaris-x86 0.1.6 96.70 OK
r-release-linux-x86_64 0.1.6 5.68 49.97 55.65 OK
r-release-windows-ix86+x86_64 0.1.6 22.00 68.00 90.00 OK
r-release-osx-x86_64 0.1.6 OK
r-oldrel-windows-ix86+x86_64 0.1.6 10.00 103.00 113.00 ERROR
r-oldrel-osx-x86_64 0.1.6 ERROR

Check Details

Version: 0.1.6
Check: R code for possible problems
Result: NOTE
    raster_alpha: no visible global function definition for 'asplit'
    Undefined global functions or variables:
     asplit
Flavors: r-oldrel-windows-ix86+x86_64, r-oldrel-osx-x86_64

Version: 0.1.6
Check: examples
Result: ERROR
    Running examples in 'plothelper-Ex.R' failed
    The error most likely occurred in:
    
    > ### Name: raster_alpha
    > ### Title: Combine a Matrix of Colors and a Matrix of Alpha Values
    > ### Aliases: raster_alpha
    >
    > ### ** Examples
    >
    > # A color matrix
    > co=c("red", "yellow", "green", "blue")
    > co=rbind(co, co, co)
    > # An alpha matrix
    > alp=c(1, 0.6, 0.3, 0.1)
    > alp=rbind(alp, alp, alp)
    > # Now combine the two
    > result=raster_alpha(co, alp)
    Error in asplit(color, 2) : could not find function "asplit"
    Calls: raster_alpha
    Execution halted
Flavors: r-oldrel-windows-ix86+x86_64, r-oldrel-osx-x86_64