Last updated on 2023-12-08 17:51:14 CET.
Flavor | Version | Tinstall | Tcheck | Ttotal | Status | Flags |
---|---|---|---|---|---|---|
r-devel-linux-x86_64-debian-clang | 1.4 | 6.59 | 47.77 | 54.36 | NOTE | |
r-devel-linux-x86_64-debian-gcc | 1.4 | 3.84 | 36.39 | 40.23 | NOTE | |
r-devel-linux-x86_64-fedora-clang | 1.4 | 67.03 | OK | |||
r-devel-linux-x86_64-fedora-gcc | 1.4 | 83.33 | OK | |||
r-devel-windows-x86_64 | 1.4 | 6.00 | 65.00 | 71.00 | OK | |
r-patched-linux-x86_64 | 1.4 | 7.10 | 46.61 | 53.71 | OK | |
r-release-linux-x86_64 | 1.4 | 5.16 | 45.89 | 51.05 | OK | |
r-release-macos-arm64 | 1.4 | 31.00 | OK | |||
r-release-macos-x86_64 | 1.4 | 48.00 | OK | |||
r-release-windows-x86_64 | 1.4 | 5.00 | 71.00 | 76.00 | OK | |
r-oldrel-macos-arm64 | 1.4 | 30.00 | OK | |||
r-oldrel-macos-x86_64 | 1.4 | 38.00 | OK | |||
r-oldrel-windows-x86_64 | 1.4 | 8.00 | 62.00 | 70.00 | OK |
Version: 1.4
Check: Rd files
Result: NOTE
checkRd: (-1) add_bars.Rd:15: Lost braces
15 | When \\code{y0} is not specified, the lowest value of the y-axis is used.}
| ^
checkRd: (-1) add_bars.Rd:24: Lost braces
24 | \\code{\\link[graphics]{par}}.}
| ^
checkRd: (-1) add_bars.Rd:24: Lost braces
24 | \\code{\\link[graphics]{par}}.}
| ^
Flavors: r-devel-linux-x86_64-debian-clang, r-devel-linux-x86_64-debian-gcc