CRAN Package Check Results for Package plotSEMM

Last updated on 2024-06-14 07:53:07 CEST.

Flavor Version Tinstall Tcheck Ttotal Status Flags
r-devel-linux-x86_64-debian-clang 2.4 23.07 83.67 106.74 NOTE
r-devel-linux-x86_64-debian-gcc 2.4 13.63 62.91 76.54 NOTE
r-devel-linux-x86_64-fedora-clang 2.4 132.37 NOTE
r-devel-linux-x86_64-fedora-gcc 2.4 123.32 NOTE
r-devel-windows-x86_64 2.4 19.00 90.00 109.00 NOTE
r-patched-linux-x86_64 2.4 14.49 78.50 92.99 NOTE
r-release-linux-x86_64 2.4 18.09 79.78 97.87 NOTE
r-release-macos-arm64 2.4 39.00 NOTE
r-release-macos-x86_64 2.4 59.00 NOTE
r-release-windows-x86_64 2.4 21.00 92.00 113.00 NOTE
r-oldrel-macos-arm64 2.4 44.00 NOTE
r-oldrel-macos-x86_64 2.4 63.00 NOTE
r-oldrel-windows-x86_64 2.4 25.00 110.00 135.00 NOTE

Check Details

Version: 2.4
Check: LazyData
Result: NOTE 'LazyData' is specified without a 'data' directory Flavors: r-devel-linux-x86_64-debian-clang, r-devel-linux-x86_64-debian-gcc, r-devel-linux-x86_64-fedora-clang, r-devel-linux-x86_64-fedora-gcc, r-devel-windows-x86_64, r-patched-linux-x86_64, r-release-linux-x86_64, r-release-macos-arm64, r-release-macos-x86_64, r-release-windows-x86_64, r-oldrel-macos-arm64, r-oldrel-macos-x86_64, r-oldrel-windows-x86_64