Last updated on 2023-05-28 06:51:46 CEST.
Flavor | Version | Tinstall | Tcheck | Ttotal | Status | Flags |
---|---|---|---|---|---|---|
r-devel-linux-x86_64-debian-clang | 0.1.1 | 114.13 | 81.85 | 195.98 | NOTE | |
r-devel-linux-x86_64-debian-gcc | 0.1.1 | 93.93 | 67.85 | 161.78 | NOTE | |
r-devel-linux-x86_64-fedora-clang | 0.1.1 | 250.87 | NOTE | |||
r-devel-linux-x86_64-fedora-gcc | 0.1.1 | 282.15 | NOTE | |||
r-devel-windows-x86_64 | 0.1.1 | 76.00 | 97.00 | 173.00 | NOTE | |
r-patched-linux-x86_64 | 0.1.1 | 99.90 | 84.66 | 184.56 | NOTE | |
r-release-linux-x86_64 | 0.1.1 | 97.68 | 85.61 | 183.29 | NOTE | |
r-release-macos-arm64 | 0.1.1 | 87.00 | NOTE | |||
r-release-macos-x86_64 | 0.1.1 | 122.00 | NOTE | |||
r-release-windows-x86_64 | 0.1.1 | 101.00 | 117.00 | 218.00 | NOTE | |
r-oldrel-macos-arm64 | 0.1.1 | 72.00 | NOTE | |||
r-oldrel-macos-x86_64 | 0.1.1 | 101.00 | NOTE | |||
r-oldrel-windows-x86_64 | 0.1.1 | 94.00 | 112.00 | 206.00 | NOTE |
Version: 0.1.1
Check: LazyData
Result: NOTE
'LazyData' is specified without a 'data' directory
Flavors: r-devel-linux-x86_64-debian-clang, r-devel-linux-x86_64-debian-gcc, r-devel-linux-x86_64-fedora-clang, r-devel-linux-x86_64-fedora-gcc, r-devel-windows-x86_64, r-patched-linux-x86_64, r-release-linux-x86_64, r-release-macos-arm64, r-release-macos-x86_64, r-release-windows-x86_64, r-oldrel-macos-arm64, r-oldrel-macos-x86_64, r-oldrel-windows-x86_64
Version: 0.1.1
Check: compiled code
Result: NOTE
File ‘plac/libs/plac.so’:
Found no calls to: ‘R_registerRoutines’, ‘R_useDynamicSymbols’
It is good practice to register native routines and to disable symbol
search.
See ‘Writing portable packages’ in the ‘Writing R Extensions’ manual.
Flavors: r-devel-linux-x86_64-fedora-clang, r-devel-linux-x86_64-fedora-gcc
Version: 0.1.1
Check: installed package size
Result: NOTE
installed size is 25.8Mb
sub-directories of 1Mb or more:
libs 25.7Mb
Flavors: r-release-macos-arm64, r-release-macos-x86_64, r-oldrel-macos-arm64, r-oldrel-macos-x86_64