CRAN Package Check Results for Package plac

Last updated on 2019-06-24 15:48:22 CEST.

Flavor Version Tinstall Tcheck Ttotal Status Flags
r-devel-linux-x86_64-debian-clang 0.1.1 92.70 61.02 153.72 OK
r-devel-linux-x86_64-debian-gcc 0.1.1 88.73 51.16 139.89 OK
r-devel-linux-x86_64-fedora-clang 0.1.1 225.66 NOTE
r-devel-linux-x86_64-fedora-gcc 0.1.1 215.96 NOTE
r-devel-windows-ix86+x86_64 0.1.1 185.00 108.00 293.00 OK
r-patched-linux-x86_64 0.1.1 96.74 63.56 160.30 OK
r-patched-solaris-x86 0.1.1 216.40 OK
r-release-linux-x86_64 0.1.1 97.82 63.65 161.47 OK
r-release-windows-ix86+x86_64 0.1.1 142.00 135.00 277.00 OK
r-release-osx-x86_64 0.1.1 NOTE
r-oldrel-windows-ix86+x86_64 0.1.1 129.00 103.00 232.00 OK
r-oldrel-osx-x86_64 0.1.1 NOTE

Check Details

Version: 0.1.1
Check: installed package size
Result: NOTE
     installed size is 24.6Mb
     sub-directories of 1Mb or more:
     libs 24.5Mb
Flavors: r-devel-linux-x86_64-fedora-clang, r-release-osx-x86_64, r-oldrel-osx-x86_64

Version: 0.1.1
Check: compiled code
Result: NOTE
    File ‘plac/libs/plac.so’:
     Found no calls to: ‘R_registerRoutines’, ‘R_useDynamicSymbols’
    
    It is good practice to register native routines and to disable symbol
    search.
    
    See ‘Writing portable packages’ in the ‘Writing R Extensions’ manual.
Flavors: r-devel-linux-x86_64-fedora-clang, r-devel-linux-x86_64-fedora-gcc