CRAN Package Check Results for Package plac

Last updated on 2019-04-20 10:47:51 CEST.

Flavor Version Tinstall Tcheck Ttotal Status Flags
r-devel-linux-x86_64-debian-clang 0.1.1 95.80 62.82 158.62 OK
r-devel-linux-x86_64-debian-gcc 0.1.1 90.41 53.43 143.84 OK
r-devel-linux-x86_64-fedora-clang 0.1.1 226.67 NOTE
r-devel-linux-x86_64-fedora-gcc 0.1.1 213.86 NOTE
r-devel-windows-ix86+x86_64 0.1.1 178.00 136.00 314.00 OK
r-patched-linux-x86_64 0.1.1 106.38 63.28 169.66 OK
r-patched-solaris-x86 0.1.1 210.90 OK
r-release-linux-x86_64 0.1.1 97.53 61.85 159.38 OK
r-release-windows-ix86+x86_64 0.1.1 135.00 138.00 273.00 OK
r-release-osx-x86_64 0.1.1 NOTE
r-oldrel-windows-ix86+x86_64 0.1.1 177.00 132.00 309.00 OK
r-oldrel-osx-x86_64 0.1.1 NOTE

Check Details

Version: 0.1.1
Check: installed package size
Result: NOTE
     installed size is 24.6Mb
     sub-directories of 1Mb or more:
     libs 24.5Mb
Flavors: r-devel-linux-x86_64-fedora-clang, r-release-osx-x86_64, r-oldrel-osx-x86_64

Version: 0.1.1
Check: compiled code
Result: NOTE
    File ‘plac/libs/plac.so’:
     Found no calls to: ‘R_registerRoutines’, ‘R_useDynamicSymbols’
    
    It is good practice to register native routines and to disable symbol
    search.
    
    See ‘Writing portable packages’ in the ‘Writing R Extensions’ manual.
Flavors: r-devel-linux-x86_64-fedora-clang, r-devel-linux-x86_64-fedora-gcc