CRAN Package Check Results for Package pkgverse

Last updated on 2023-03-21 09:54:04 CET.

Flavor Version Tinstall Tcheck Ttotal Status Flags
r-devel-linux-x86_64-debian-clang 0.0.1 NOTE
r-devel-linux-x86_64-debian-gcc 0.0.1 1.94 17.37 19.31 NOTE
r-devel-linux-x86_64-fedora-clang 0.0.1 31.75 NOTE
r-devel-linux-x86_64-fedora-gcc 0.0.1 29.33 NOTE
r-patched-linux-x86_64 0.0.1 2.16 23.22 25.38 NOTE
r-release-linux-x86_64 0.0.1 1.80 23.35 25.15 NOTE
r-release-macos-arm64 0.0.1 15.00 NOTE
r-release-macos-x86_64 0.0.1 24.00 NOTE
r-release-windows-x86_64 0.0.1 11.00 52.00 63.00 NOTE
r-oldrel-macos-arm64 0.0.1 19.00 NOTE
r-oldrel-macos-x86_64 0.0.1 21.00 NOTE
r-oldrel-windows-ix86+x86_64 0.0.1 6.00 47.00 53.00 NOTE

Check Details

Version: 0.0.1
Check: LazyData
Result: NOTE
     'LazyData' is specified without a 'data' directory
Flavors: r-devel-linux-x86_64-debian-clang, r-devel-linux-x86_64-debian-gcc, r-devel-linux-x86_64-fedora-clang, r-devel-linux-x86_64-fedora-gcc, r-patched-linux-x86_64, r-release-linux-x86_64, r-release-macos-arm64, r-release-macos-x86_64, r-release-windows-x86_64, r-oldrel-macos-arm64, r-oldrel-macos-x86_64, r-oldrel-windows-ix86+x86_64