Last updated on 2023-12-10 07:49:48 CET.
Flavor | Version | Tinstall | Tcheck | Ttotal | Status | Flags |
---|---|---|---|---|---|---|
r-devel-linux-x86_64-debian-clang | 0.1.1 | 11.24 | 52.34 | 63.58 | NOTE | |
r-devel-linux-x86_64-debian-gcc | 0.1.1 | 10.07 | 39.21 | 49.28 | NOTE | |
r-devel-linux-x86_64-fedora-clang | 0.1.1 | 87.80 | NOTE | |||
r-devel-linux-x86_64-fedora-gcc | 0.1.1 | 91.76 | NOTE | |||
r-devel-windows-x86_64 | 0.1.1 | 18.00 | 78.00 | 96.00 | NOTE | |
r-patched-linux-x86_64 | 0.1.1 | 8.69 | 49.22 | 57.91 | NOTE | |
r-release-linux-x86_64 | 0.1.1 | 7.99 | 48.13 | 56.12 | NOTE | |
r-release-macos-arm64 | 0.1.1 | 40.00 | NOTE | |||
r-release-macos-x86_64 | 0.1.1 | 54.00 | NOTE | |||
r-release-windows-x86_64 | 0.1.1 | 23.00 | 90.00 | 113.00 | NOTE | |
r-oldrel-macos-arm64 | 0.1.1 | 31.00 | NOTE | |||
r-oldrel-macos-x86_64 | 0.1.1 | 44.00 | NOTE | |||
r-oldrel-windows-x86_64 | 0.1.1 | 21.00 | 84.00 | 105.00 | NOTE |
Version: 0.1.1
Check: C++ specification
Result: NOTE
Specified C++11: please drop specification unless essential
Flavors: r-devel-linux-x86_64-debian-clang, r-devel-linux-x86_64-debian-gcc, r-devel-linux-x86_64-fedora-clang, r-devel-linux-x86_64-fedora-gcc, r-devel-windows-x86_64, r-patched-linux-x86_64, r-release-linux-x86_64, r-release-macos-arm64, r-release-macos-x86_64, r-release-windows-x86_64
Version: 0.1.1
Check: Rd files
Result: NOTE
checkRd: (-1) pkgstats.Rd:17: Lost braces in \enumerate; \value handles \item{}{} directly
checkRd: (-1) pkgstats.Rd:18: Lost braces in \enumerate; \value handles \item{}{} directly
checkRd: (-1) pkgstats.Rd:19: Lost braces in \enumerate; \value handles \item{}{} directly
checkRd: (-1) pkgstats.Rd:20: Lost braces in \enumerate; \value handles \item{}{} directly
checkRd: (-1) pkgstats.Rd:21-22: Lost braces in \enumerate; \value handles \item{}{} directly
checkRd: (-1) pkgstats.Rd:23-25: Lost braces in \enumerate; \value handles \item{}{} directly
checkRd: (-1) pkgstats.Rd:26-28: Lost braces in \enumerate; \value handles \item{}{} directly
checkRd: (-1) pkgstats.Rd:29-31: Lost braces in \enumerate; \value handles \item{}{} directly
Flavors: r-devel-linux-x86_64-debian-clang, r-devel-linux-x86_64-debian-gcc
Version: 0.1.1
Check: installed package size
Result: NOTE
installed size is 11.1Mb
sub-directories of 1Mb or more:
bin 8.6Mb
doc 1.3Mb
Flavors: r-devel-windows-x86_64, r-release-macos-arm64, r-release-macos-x86_64, r-release-windows-x86_64, r-oldrel-macos-arm64, r-oldrel-macos-x86_64, r-oldrel-windows-x86_64