CRAN Package Check Results for Package pkgnet

Last updated on 2019-04-20 10:47:51 CEST.

Flavor Version Tinstall Tcheck Ttotal Status Flags
r-devel-linux-x86_64-debian-clang 0.4.0 8.18 80.75 88.93 OK
r-devel-linux-x86_64-debian-gcc 0.4.0 9.43 65.76 75.19 OK
r-devel-linux-x86_64-fedora-clang 0.4.0 104.65 OK
r-devel-linux-x86_64-fedora-gcc 0.4.0 100.65 OK
r-devel-windows-ix86+x86_64 0.4.0 26.00 143.00 169.00 OK
r-patched-linux-x86_64 0.4.0 10.95 77.52 88.47 OK
r-patched-solaris-x86 0.4.0 127.90 WARN
r-release-linux-x86_64 0.4.0 8.31 70.24 78.55 OK
r-release-windows-ix86+x86_64 0.4.0 13.00 140.00 153.00 OK
r-release-osx-x86_64 0.4.0 WARN
r-oldrel-windows-ix86+x86_64 0.4.0 11.00 160.00 171.00 OK
r-oldrel-osx-x86_64 0.3.2 WARN

Check Details

Version: 0.4.0
Check: re-building of vignette outputs
Result: WARN
    Error(s) in re-building vignettes:
     ...
    --- re-building ‘pkgnet-intro.Rmd’ using rmarkdown
    Warning in engine$weave(file, quiet = quiet, encoding = enc) :
     Pandoc (>= 1.12.3) and/or pandoc-citeproc not available. Falling back to R Markdown v1.
    * installing *source* package ‘baseballstats’ ...
    ** using staged installation
    ** R
    ** byte-compile and prepare package for lazy loading
    ** help
    *** installing help indices
    ** building package indices
    ** testing if installed package can be loaded from temporary location
    ** testing if installed package can be loaded from final location
    ** testing if installed package keeps a record of temporary installation path
    * DONE (baseballstats)
    
    * installing *source* package ‘sartre’ ...
    ** using staged installation
    ** R
    ** byte-compile and prepare package for lazy loading
    ** help
    *** installing help indices
    ** building package indices
    ** testing if installed package can be loaded from temporary location
    ** testing if installed package can be loaded from final location
    ** testing if installed package keeps a record of temporary installation path
    * DONE (sartre)
    
    * installing *source* package ‘milne’ ...
    ** using staged installation
    ** R
    ** byte-compile and prepare package for lazy loading
    ** help
    *** installing help indices
    ** building package indices
    ** testing if installed package can be loaded from temporary location
    ** testing if installed package can be loaded from final location
    ** testing if installed package keeps a record of temporary installation path
    * DONE (milne)
    
    * installing *source* package ‘pkgnet’ ...
    ** package ‘pkgnet’ successfully unpacked and MD5 sums checked
    ** using staged installation
    ** R
    ** inst
    ** byte-compile and prepare package for lazy loading
    ** help
    *** installing help indices
    ** building package indices
    ** installing vignettes
    ** testing if installed package can be loaded from temporary location
    ** testing if installed package can be loaded from final location
    ** testing if installed package keeps a record of temporary installation path
    * DONE (pkgnet)
    Quitting from lines 77-113 (pkgnet-intro.Rmd)
    Error: processing vignette 'pkgnet-intro.Rmd' failed with diagnostics:
    there is no package called 'webshot'
    --- failed re-building ‘pkgnet-intro.Rmd’
    
    --- re-building ‘publishing-reports.Rmd’ using rmarkdown
    Warning in engine$weave(file, quiet = quiet, encoding = enc) :
     Pandoc (>= 1.12.3) and/or pandoc-citeproc not available. Falling back to R Markdown v1.
    --- finished re-building ‘publishing-reports.Rmd’
    
    SUMMARY: processing the following file failed:
     ‘pkgnet-intro.Rmd’
    
    Error: Vignette re-building failed.
    Execution halted
Flavor: r-patched-solaris-x86

Version: 0.4.0
Check: re-building of vignette outputs
Result: WARN
    Error in re-building vignettes:
     ...
    * installing *source* package ‘milne’ ...
    ** R
    ** byte-compile and prepare package for lazy loading
    ** help
    *** installing help indices
    ** building package indices
    ** testing if installed package can be loaded
    * DONE (milne)
    
    * installing *source* package ‘pkgnet’ ...
    ** package ‘pkgnet’ successfully unpacked and MD5 sums checked
    ** R
    ** inst
    ** byte-compile and prepare package for lazy loading
    ** help
    *** installing help indices
    ** building package indices
    ** installing vignettes
    ** testing if installed package can be loaded
    * DONE (pkgnet)
    PhantomJS not found. You can install it with webshot::install_phantomjs(). If it is installed, please make sure the phantomjs executable can be found via the PATH variable.
    Quitting from lines 77-113 (pkgnet-intro.Rmd)
    Error: processing vignette 'pkgnet-intro.Rmd' failed with diagnostics:
    cannot open the connection
    Execution halted
Flavor: r-release-osx-x86_64

Version: 0.3.2
Check: re-building of vignette outputs
Result: WARN
    Error in re-building vignettes:
     ...
    * installing *source* package ‘milne’ ...
    ** R
    ** preparing package for lazy loading
    ** help
    *** installing help indices
    ** building package indices
    ** testing if installed package can be loaded
    * DONE (milne)
    
    * installing *source* package ‘pkgnet’ ...
    ** package ‘pkgnet’ successfully unpacked and MD5 sums checked
    ** R
    ** inst
    ** preparing package for lazy loading
    ** help
    *** installing help indices
    ** building package indices
    ** installing vignettes
    ** testing if installed package can be loaded
    * DONE (pkgnet)
    PhantomJS not found. You can install it with webshot::install_phantomjs(). If it is installed, please make sure the phantomjs executable can be found via the PATH variable.
    Quitting from lines 77-113 (pkgnet-intro.Rmd)
    Error: processing vignette 'pkgnet-intro.Rmd' failed with diagnostics:
    cannot open the connection
    Execution halted
Flavor: r-oldrel-osx-x86_64