Last updated on 2023-03-25 07:59:41 CET.
Flavor | Version | Tinstall | Tcheck | Ttotal | Status | Flags |
---|---|---|---|---|---|---|
r-devel-linux-x86_64-debian-clang | 1.3.2 | 6.20 | 130.94 | 137.14 | OK | |
r-devel-linux-x86_64-debian-gcc | 1.3.2 | 5.38 | 96.99 | 102.37 | OK | |
r-devel-linux-x86_64-fedora-clang | 1.3.2 | 172.66 | OK | |||
r-devel-linux-x86_64-fedora-gcc | 1.3.2 | 273.71 | OK | |||
r-patched-linux-x86_64 | 1.3.2 | 6.64 | 119.92 | 126.56 | OK | |
r-release-linux-x86_64 | 1.3.2 | 6.62 | 120.95 | 127.57 | OK | |
r-release-macos-arm64 | 1.3.2 | 120.00 | OK | |||
r-release-macos-x86_64 | 1.3.2 | 179.00 | OK | |||
r-release-windows-x86_64 | 1.3.2 | 101.00 | 181.00 | 282.00 | OK | |
r-oldrel-macos-arm64 | 1.3.2 | 128.00 | OK | |||
r-oldrel-macos-x86_64 | 1.3.2 | 157.00 | OK | |||
r-oldrel-windows-ix86+x86_64 | 1.3.2 | 14.00 | 192.00 | 206.00 | WARN |
Version: 1.3.2
Check: for unstated dependencies in ‘tests’
Result: WARN
Warning: unable to access index for repository https://bioconductor.org/packages/3.14/bioc/src/contrib:
cannot open URL 'https://bioconductor.org/packages/3.14/bioc/src/contrib/PACKAGES'
Warning: unable to access index for repository https://bioconductor.org/packages/3.14/data/annotation/src/contrib:
cannot open URL 'https://bioconductor.org/packages/3.14/data/annotation/src/contrib/PACKAGES'
Warning: unable to access index for repository https://bioconductor.org/packages/3.14/data/experiment/src/contrib:
cannot open URL 'https://bioconductor.org/packages/3.14/data/experiment/src/contrib/PACKAGES'
Flavor: r-oldrel-windows-ix86+x86_64