CRAN Package Check Results for Package pkgload

Last updated on 2022-11-28 11:51:24 CET.

Flavor Version Tinstall Tcheck Ttotal Status Flags
r-devel-linux-x86_64-debian-clang 1.3.2 7.07 132.67 139.74 OK
r-devel-linux-x86_64-debian-gcc 1.3.2 5.47 98.23 103.70 OK
r-devel-linux-x86_64-fedora-clang 1.3.2 189.44 OK
r-devel-linux-x86_64-fedora-gcc 1.3.2 310.29 OK
r-devel-windows-x86_64 1.3.2 145.00 181.00 326.00 OK
r-patched-linux-x86_64 1.3.2 6.11 123.50 129.61 OK
r-release-linux-x86_64 1.3.2 6.92 122.66 129.58 OK
r-release-macos-arm64 1.3.2 120.00 OK
r-release-macos-x86_64 1.3.2 179.00 OK
r-release-windows-x86_64 1.3.1 98.00 185.00 283.00 ERROR
r-oldrel-macos-arm64 1.3.2 128.00 OK
r-oldrel-macos-x86_64 1.3.2 157.00 OK
r-oldrel-windows-ix86+x86_64 1.3.2 14.00 177.00 191.00 WARN

Check Details

Version: 1.3.1
Check: tests
Result: ERROR
     Running 'testthat.R' [91s]
     Running 'wipe.R' [3s]
    Running the tests in 'tests/testthat.R' failed.
    Complete output:
     > library(testthat)
     > library(pkgload)
     >
     > # Needed so that install.packages works correctly
     > Sys.setenv("R_TESTS" = "")
     >
     > test_check("pkgload")
     [ FAIL 4 | WARN 0 | SKIP 15 | PASS 338 ]
    
     ══ Skipped tests ═══════════════════════════════════════════════════════════════
     • "pkgload" %in% dev_packages() is not TRUE (1)
     • On CRAN (14)
    
     ══ Failed tests ════════════════════════════════════════════════════════════════
     ── Failure ('test-help.R:84'): shim_help and shim_questions works if topic moves ──
     rel_rd_path(shim_help("foofoo")) (`actual`) not equal to "foofoo.Rd" (`expected`).
    
     actual vs expected
     - "../../../../../../../../../RCompile/CRANpkg/local/4.2/pkgload.Rcheck/tests/testthat/testHelp/man/foofoo.Rd"
     + "foofoo.Rd"
     ── Failure ('test-help.R:85'): shim_help and shim_questions works if topic moves ──
     rel_rd_path(shim_question("foofoo")) (`actual`) not equal to "foofoo.Rd" (`expected`).
    
     actual vs expected
     - "../../../../../../../../../RCompile/CRANpkg/local/4.2/pkgload.Rcheck/tests/testthat/testHelp/man/foofoo.Rd"
     + "foofoo.Rd"
     ── Failure ('test-help.R:93'): shim_help and shim_questions works if topic moves ──
     rel_rd_path(shim_help("foofoo")) (`actual`) not equal to "barbar.Rd" (`expected`).
    
     actual vs expected
     - "../../../../../../../../../RCompile/CRANpkg/local/4.2/pkgload.Rcheck/tests/testthat/testHelp/man/barbar.Rd"
     + "barbar.Rd"
     ── Failure ('test-help.R:94'): shim_help and shim_questions works if topic moves ──
     rel_rd_path(shim_question("foofoo")) (`actual`) not equal to "barbar.Rd" (`expected`).
    
     actual vs expected
     - "../../../../../../../../../RCompile/CRANpkg/local/4.2/pkgload.Rcheck/tests/testthat/testHelp/man/barbar.Rd"
     + "barbar.Rd"
    
     [ FAIL 4 | WARN 0 | SKIP 15 | PASS 338 ]
     Error: Test failures
     Execution halted
Flavor: r-release-windows-x86_64

Version: 1.3.2
Check: for unstated dependencies in ‘tests’
Result: WARN
    Warning: unable to access index for repository https://bioconductor.org/packages/3.14/bioc/src/contrib:
     cannot open URL 'https://bioconductor.org/packages/3.14/bioc/src/contrib/PACKAGES'
    Warning: unable to access index for repository https://bioconductor.org/packages/3.14/data/annotation/src/contrib:
     cannot open URL 'https://bioconductor.org/packages/3.14/data/annotation/src/contrib/PACKAGES'
    Warning: unable to access index for repository https://bioconductor.org/packages/3.14/data/experiment/src/contrib:
     cannot open URL 'https://bioconductor.org/packages/3.14/data/experiment/src/contrib/PACKAGES'
Flavor: r-oldrel-windows-ix86+x86_64