CRAN Package Check Results for Package pkgfilecache

Last updated on 2024-05-21 14:57:19 CEST.

Flavor Version Tinstall Tcheck Ttotal Status Flags
r-devel-linux-x86_64-debian-clang 0.1.5 1.67 31.22 32.89 OK
r-devel-linux-x86_64-debian-gcc 0.1.5 1.70 24.09 25.79 OK
r-devel-linux-x86_64-fedora-clang 0.1.5 43.48 NOTE
r-devel-linux-x86_64-fedora-gcc 0.1.5 53.02 NOTE
r-devel-windows-x86_64 0.1.5 3.00 54.00 57.00 OK
r-patched-linux-x86_64 0.1.5 2.80 29.76 32.56 OK
r-release-linux-x86_64 0.1.5 2.44 29.45 31.89 OK
r-release-macos-arm64 0.1.5 25.00 OK
r-release-macos-x86_64 0.1.5 77.00 OK
r-release-windows-x86_64 0.1.5 3.00 54.00 57.00 OK
r-oldrel-macos-arm64 0.1.5 28.00 OK
r-oldrel-macos-x86_64 0.1.5 56.00 OK
r-oldrel-windows-x86_64 0.1.5 3.00 53.00 56.00 OK

Check Details

Version: 0.1.5
Check: dependencies in R code
Result: NOTE Namespace in Imports field not imported from: ‘curl’ All declared Imports should be used. Flavors: r-devel-linux-x86_64-fedora-clang, r-devel-linux-x86_64-fedora-gcc