CRAN Package Check Results for Package pkgdown

Last updated on 2018-10-18 19:48:03 CEST.

Flavor Version Tinstall Tcheck Ttotal Status Flags
r-devel-linux-x86_64-debian-clang 1.1.0 5.35 72.61 77.96 OK
r-devel-linux-x86_64-debian-gcc 1.1.0 OK
r-devel-linux-x86_64-fedora-clang 1.1.0 93.22 OK
r-devel-linux-x86_64-fedora-gcc 1.1.0 91.95 OK
r-devel-windows-ix86+x86_64 1.1.0 16.00 145.00 161.00 OK
r-patched-linux-x86_64 1.1.0 4.53 67.28 71.81 OK
r-patched-solaris-x86 1.1.0 88.90 ERROR
r-release-linux-x86_64 1.1.0 5.04 66.08 71.12 OK
r-release-windows-ix86+x86_64 1.1.0 18.00 122.00 140.00 OK
r-release-osx-x86_64 1.1.0 OK
r-oldrel-windows-ix86+x86_64 1.1.0 6.00 105.00 111.00 OK
r-oldrel-osx-x86_64 1.1.0 OK

Check Details

Version: 1.1.0
Check: tests
Result: ERROR
     Running ‘testthat.R’ [11s/51s]
    Running the tests in ‘tests/testthat.R’ failed.
    Complete output:
     > library(testthat)
     > library(pkgdown)
     >
     > test_check("pkgdown")
     ── 1. Failure: remote_package_url discovers pkgdown site (@test-metadata.R#6) ─
     remote_package_reference_url("pkgdown") not equal to "http://pkgdown.r-lib.org/reference".
     target is NULL, current is character
    
     ══ testthat results ═══════════════════════════════════════════════════════════
     OK: 208 SKIPPED: 21 FAILED: 1
     1. Failure: remote_package_url discovers pkgdown site (@test-metadata.R#6)
    
     Error: testthat unit tests failed
     Execution halted
Flavor: r-patched-solaris-x86