CRAN Package Check Results for Package pkgdown

Last updated on 2020-07-09 22:48:53 CEST.

Flavor Version Tinstall Tcheck Ttotal Status Flags
r-devel-linux-x86_64-debian-clang 1.5.1 8.13 81.52 89.65 OK
r-devel-linux-x86_64-debian-gcc 1.5.1 6.63 63.04 69.67 OK
r-devel-linux-x86_64-fedora-clang 1.5.1 118.72 NOTE
r-devel-linux-x86_64-fedora-gcc 1.5.1 121.27 OK
r-devel-windows-ix86+x86_64 1.5.1 16.00 114.00 130.00 OK
r-patched-linux-x86_64 1.5.1 6.62 81.50 88.12 OK
r-patched-solaris-x86 1.5.1 116.30 ERROR
r-release-linux-x86_64 1.5.1 7.36 81.50 88.86 OK
r-release-osx-x86_64 1.5.1 OK
r-release-windows-ix86+x86_64 1.5.1 16.00 151.00 167.00 OK
r-oldrel-osx-x86_64 1.5.1 ERROR
r-oldrel-windows-ix86+x86_64 1.5.1 17.00 102.00 119.00 OK

Check Details

Version: 1.5.1
Check: package dependencies
Result: NOTE
    Imports includes 25 non-default packages.
    Importing from so many packages makes the package vulnerable to any of
    them becoming unavailable. Move as many as possible to Suggests and
    use conditionally.
Flavor: r-devel-linux-x86_64-fedora-clang

Version: 1.5.1
Check: Rd cross-references
Result: NOTE
    Undeclared package ‘usethis’ in Rd xrefs
Flavor: r-devel-linux-x86_64-fedora-clang

Version: 1.5.1
Check: tests
Result: ERROR
     Running ‘testthat.R’ [21s/79s]
    Running the tests in ‘tests/testthat.R’ failed.
    Complete output:
     > library(testthat)
     > library(pkgdown)
     >
     > test_check("pkgdown")
     ── 1. Error: empty string works (@test-markdown.R#2) ──────────────────────────
     Pandoc not available
     Backtrace:
     1. testthat::expect_equal(markdown_text(""), "")
     4. pkgdown:::markdown_text("")
     5. pkgdown:::markdown(tmp, ...)
    
     ── 2. Error: empty string works (@test-markdown.R#2) ──────────────────────────
     [ENOENT] Failed to remove '/tmp/RtmpH4aGRl/working_dir/Rtmpi1aG1D/file3bac34fd3968.html': no such file or directory
     Backtrace:
     1. testthat::expect_equal(markdown_text(""), "")
     4. pkgdown:::markdown_text("")
     5. pkgdown:::markdown(tmp, ...)
     6. fs::file_delete(tmp)
    
     ══ testthat results ═══════════════════════════════════════════════════════════
     [ OK: 357 | SKIPPED: 32 | WARNINGS: 0 | FAILED: 2 ]
     1. Error: empty string works (@test-markdown.R#2)
     2. Error: empty string works (@test-markdown.R#2)
    
     Error: testthat unit tests failed
     Execution halted
Flavor: r-patched-solaris-x86

Version: 1.5.1
Check: tests
Result: ERROR
     Running ‘testthat.R’ [27s/34s]
    Running the tests in ‘tests/testthat.R’ failed.
    Last 13 lines of output:
     ── 2. Error: empty string works (@test-markdown.R#2) ──────────────────────────
     [ENOENT] Failed to remove '/tmp/RtmpTmn1im/filed461136f2def.html': no such file or directory
     Backtrace:
     1. testthat::expect_equal(markdown_text(""), "")
     4. pkgdown:::markdown_text("")
     5. pkgdown:::markdown(tmp, ...)
     6. fs::file_delete(tmp)
    
     ══ testthat results ═══════════════════════════════════════════════════════════
     [ OK: 361 | SKIPPED: 30 | WARNINGS: 1 | FAILED: 2 ]
     1. Error: empty string works (@test-markdown.R#2)
     2. Error: empty string works (@test-markdown.R#2)
    
     Error: testthat unit tests failed
     Execution halted
Flavor: r-oldrel-osx-x86_64