Last updated on 2023-02-05 08:58:40 CET.
Flavor | Version | Tinstall | Tcheck | Ttotal | Status | Flags |
---|---|---|---|---|---|---|
r-devel-linux-x86_64-debian-clang | 2.0.7 | 11.64 | 162.47 | 174.11 | OK | |
r-devel-linux-x86_64-debian-gcc | 2.0.7 | 8.62 | 120.46 | 129.08 | OK | |
r-devel-linux-x86_64-fedora-clang | 2.0.7 | 206.54 | NOTE | |||
r-devel-linux-x86_64-fedora-gcc | 2.0.7 | 219.17 | OK | |||
r-devel-windows-x86_64 | 2.0.7 | 275.00 | 262.00 | 537.00 | OK | |
r-patched-linux-x86_64 | 2.0.7 | 13.37 | 153.29 | 166.66 | OK | |
r-release-linux-x86_64 | 2.0.7 | 11.32 | 150.90 | 162.22 | OK | |
r-release-macos-arm64 | 2.0.7 | 120.00 | OK | |||
r-release-macos-x86_64 | 2.0.7 | 122.00 | OK | |||
r-release-windows-x86_64 | 2.0.7 | 268.00 | 266.00 | 534.00 | OK | |
r-oldrel-macos-arm64 | 2.0.7 | 119.00 | OK | |||
r-oldrel-macos-x86_64 | 2.0.7 | 123.00 | OK | |||
r-oldrel-windows-ix86+x86_64 | 2.0.7 | 20.00 | 233.00 | 253.00 | OK |
Version: 2.0.7
Check: Rd cross-references
Result: NOTE
Undeclared package ‘usethis’ in Rd xrefs
Flavor: r-devel-linux-x86_64-fedora-clang