CRAN Package Check Results for Package pkgdown

Last updated on 2018-06-25 02:49:10 CEST.

Flavor Version Tinstall Tcheck Ttotal Status Flags
r-devel-linux-x86_64-debian-clang 1.1.0 5.29 65.32 70.61 OK
r-devel-linux-x86_64-debian-gcc 1.1.0 4.84 56.17 61.01 OK
r-devel-linux-x86_64-fedora-clang 1.1.0 90.38 OK
r-devel-linux-x86_64-fedora-gcc 1.1.0 86.62 OK
r-devel-windows-ix86+x86_64 1.1.0 12.00 102.00 114.00 OK
r-patched-linux-x86_64 1.1.0 5.20 66.21 71.41 OK
r-patched-solaris-x86 1.1.0 88.90 ERROR
r-release-linux-x86_64 1.1.0 4.37 66.32 70.69 OK
r-release-windows-ix86+x86_64 1.1.0 15.00 89.00 104.00 OK
r-release-osx-x86_64 1.1.0 OK
r-oldrel-windows-ix86+x86_64 1.1.0 10.00 100.00 110.00 OK
r-oldrel-osx-x86_64 1.1.0 OK

Check Details

Version: 1.1.0
Check: tests
Result: ERROR
     Running ‘testthat.R’ [11s/49s]
    Running the tests in ‘tests/testthat.R’ failed.
    Complete output:
     > library(testthat)
     > library(pkgdown)
     >
     > test_check("pkgdown")
     ── 1. Failure: remote_package_url discovers pkgdown site (@test-metadata.R#6) ─
     remote_package_reference_url("pkgdown") not equal to "http://pkgdown.r-lib.org/reference".
     target is NULL, current is character
    
     ══ testthat results ═══════════════════════════════════════════════════════════
     OK: 208 SKIPPED: 21 FAILED: 1
     1. Failure: remote_package_url discovers pkgdown site (@test-metadata.R#6)
    
     Error: testthat unit tests failed
     Execution halted
Flavor: r-patched-solaris-x86