CRAN Package Check Results for Package pkgdown

Last updated on 2018-08-19 11:48:02 CEST.

Flavor Version Tinstall Tcheck Ttotal Status Flags
r-devel-linux-x86_64-debian-clang 1.1.0 5.12 71.98 77.10 OK
r-devel-linux-x86_64-debian-gcc 1.1.0 5.11 57.45 62.56 OK
r-devel-linux-x86_64-fedora-clang 1.1.0 90.14 OK
r-devel-linux-x86_64-fedora-gcc 1.1.0 91.12 OK
r-devel-windows-ix86+x86_64 1.1.0 14.00 121.00 135.00 OK
r-patched-linux-x86_64 1.1.0 5.42 66.38 71.80 OK
r-patched-solaris-x86 1.1.0 91.20 ERROR
r-release-linux-x86_64 1.1.0 4.69 66.01 70.70 OK
r-release-windows-ix86+x86_64 1.1.0 14.00 127.00 141.00 OK
r-release-osx-x86_64 1.1.0 OK
r-oldrel-windows-ix86+x86_64 1.1.0 8.00 163.00 171.00 OK
r-oldrel-osx-x86_64 1.1.0 OK

Check Details

Version: 1.1.0
Check: tests
Result: ERROR
     Running ‘testthat.R’ [11s/47s]
    Running the tests in ‘tests/testthat.R’ failed.
    Complete output:
     > library(testthat)
     > library(pkgdown)
     >
     > test_check("pkgdown")
     ── 1. Failure: remote_package_url discovers pkgdown site (@test-metadata.R#6) ─
     remote_package_reference_url("pkgdown") not equal to "http://pkgdown.r-lib.org/reference".
     target is NULL, current is character
    
     ══ testthat results ═══════════════════════════════════════════════════════════
     OK: 208 SKIPPED: 21 FAILED: 1
     1. Failure: remote_package_url discovers pkgdown site (@test-metadata.R#6)
    
     Error: testthat unit tests failed
     Execution halted
Flavor: r-patched-solaris-x86