CRAN Package Check Results for Package pirate

Last updated on 2020-06-01 06:48:33 CEST.

Flavor Version Tinstall Tcheck Ttotal Status Flags
r-devel-linux-x86_64-debian-clang 1.0.0 38.11 42.82 80.93 OK
r-devel-linux-x86_64-debian-gcc 1.0.0 29.47 33.60 63.07 OK
r-devel-linux-x86_64-fedora-clang 1.0.0 114.08 NOTE
r-devel-linux-x86_64-fedora-gcc 1.0.0 100.28 NOTE
r-devel-windows-ix86+x86_64 1.0.0 98.00 95.00 193.00 OK
r-patched-linux-x86_64 1.0.0 32.13 42.81 74.94 OK
r-patched-solaris-x86 1.0.0 117.20 OK
r-release-linux-x86_64 1.0.0 30.46 44.30 74.76 OK
r-release-osx-x86_64 1.0.0 OK
r-release-windows-ix86+x86_64 1.0.0 82.00 135.00 217.00 OK
r-oldrel-osx-x86_64 1.0.0 OK
r-oldrel-windows-ix86+x86_64 1.0.0 75.00 89.00 164.00 OK

Check Details

Version: 1.0.0
Check: compiled code
Result: NOTE
    File ‘pirate/libs/pirate.so’:
     Found no calls to: ‘R_registerRoutines’, ‘R_useDynamicSymbols’
    
    It is good practice to register native routines and to disable symbol
    search.
    
    See ‘Writing portable packages’ in the ‘Writing R Extensions’ manual.
Flavors: r-devel-linux-x86_64-fedora-clang, r-devel-linux-x86_64-fedora-gcc