Last updated on 2023-12-08 16:54:17 CET.
Flavor | Version | Tinstall | Tcheck | Ttotal | Status | Flags |
---|---|---|---|---|---|---|
r-devel-linux-x86_64-debian-clang | 0.2.2 | 82.59 | 78.41 | 161.00 | OK | |
r-devel-linux-x86_64-debian-gcc | 0.2.2 | 69.96 | 62.12 | 132.08 | OK | |
r-devel-linux-x86_64-fedora-clang | 0.2.2 | 202.26 | OK | |||
r-devel-linux-x86_64-fedora-gcc | 0.2.2 | 243.91 | OK | |||
r-devel-windows-x86_64 | 0.2.2 | 57.00 | 94.00 | 151.00 | OK | |
r-patched-linux-x86_64 | 0.2.2 | 78.59 | 79.41 | 158.00 | OK | |
r-release-linux-x86_64 | 0.2.2 | 75.04 | 79.10 | 154.14 | OK | |
r-release-macos-arm64 | 0.2.2 | 80.00 | NOTE | |||
r-release-macos-x86_64 | 0.2.2 | 114.00 | NOTE | |||
r-release-windows-x86_64 | 0.2.2 | 72.00 | 114.00 | 186.00 | OK | |
r-oldrel-macos-arm64 | 0.2.2 | 63.00 | NOTE | |||
r-oldrel-macos-x86_64 | 0.2.2 | 92.00 | NOTE | |||
r-oldrel-windows-x86_64 | 0.2.2 | 64.00 | 111.00 | 175.00 | OK |
Version: 0.2.2
Check: installed package size
Result: NOTE
installed size is 23.4Mb
sub-directories of 1Mb or more:
libs 23.2Mb
Flavors: r-release-macos-arm64, r-release-macos-x86_64, r-oldrel-macos-arm64, r-oldrel-macos-x86_64