Last updated on 2023-06-09 11:57:31 CEST.
Flavor | Version | Tinstall | Tcheck | Ttotal | Status | Flags |
---|---|---|---|---|---|---|
r-devel-linux-x86_64-debian-clang | 1.2.0 | 9.88 | 129.65 | 139.53 | OK | |
r-devel-linux-x86_64-debian-gcc | 1.2.0 | 8.90 | 98.22 | 107.12 | OK | |
r-devel-linux-x86_64-fedora-clang | 1.2.0 | 185.82 | OK | |||
r-devel-linux-x86_64-fedora-gcc | 1.2.0 | 175.78 | OK | |||
r-devel-windows-x86_64 | 1.2.0 | 11.00 | 132.00 | 143.00 | NOTE | |
r-patched-linux-x86_64 | 1.2.0 | 13.03 | 122.52 | 135.55 | OK | |
r-release-linux-x86_64 | 1.2.0 | 9.58 | 125.49 | 135.07 | OK | |
r-release-macos-arm64 | 1.2.0 | 79.00 | OK | |||
r-release-macos-x86_64 | 1.1.0 | 99.00 | OK | |||
r-release-windows-x86_64 | 1.2.0 | 14.00 | 156.00 | 170.00 | NOTE | |
r-oldrel-macos-arm64 | 1.2.0 | 83.00 | OK | |||
r-oldrel-macos-x86_64 | 1.2.0 | 86.00 | OK | |||
r-oldrel-windows-x86_64 | 1.2.0 | 15.00 | 150.00 | 165.00 | NOTE |
Version: 1.2.0
Check: dependencies in R code
Result: NOTE
#STDOFF 2:05:08.9
#STDOFF 8:05:43.2
#STDOFF 7:36:41.7
#STDOFF -0:25:21.1
#STDOFF 1:39:49.2
#STDOFF -0:36:44.68
#STDOFF -4:56:01.6
#STDOFF -3:58:29.2
#STDOFF -4:19:18.3
#STDOFF -5:36:13.3
#STDOFF -4:56:16.4
#STDOFF 2:05:08.9
#STDOFF 8:05:43.2
#STDOFF 7:36:41.7
#STDOFF -0:25:21.1
#STDOFF 1:39:49.2
#STDOFF -0:36:44.68
#STDOFF -4:56:01.6
#STDOFF -3:58:29.2
#STDOFF -4:19:18.3
#STDOFF -5:36:13.3
#STDOFF -4:56:16.4
Flavors: r-devel-windows-x86_64, r-release-windows-x86_64, r-oldrel-windows-x86_64