CRAN Package Check Results for Package pins

Last updated on 2024-02-22 09:49:43 CET.

Flavor Version Tinstall Tcheck Ttotal Status Flags
r-devel-linux-x86_64-debian-clang 1.3.0 NOTE
r-devel-linux-x86_64-debian-gcc 1.3.0 8.54 91.46 100.00 OK
r-devel-linux-x86_64-fedora-clang 1.3.0 170.97 NOTE
r-devel-linux-x86_64-fedora-gcc 1.3.0 184.10 OK
r-devel-windows-x86_64 1.3.0 11.00 123.00 134.00 OK
r-patched-linux-x86_64 1.3.0 12.67 119.34 132.01 OK
r-release-linux-x86_64 1.3.0 11.37 119.63 131.00 OK
r-release-macos-arm64 1.3.0 71.00 OK
r-release-macos-x86_64 1.3.0 143.00 OK
r-release-windows-x86_64 1.3.0 13.00 143.00 156.00 OK
r-oldrel-macos-arm64 1.3.0 68.00 OK
r-oldrel-windows-x86_64 1.3.0 14.00 135.00 149.00 OK

Check Details

Version: 1.3.0
Check: package dependencies
Result: NOTE Package suggested but not available for checking: ‘arrow’ Flavors: r-devel-linux-x86_64-debian-clang, r-devel-linux-x86_64-fedora-clang