CRAN Package Check Results for Package pinnacle.API

Last updated on 2021-06-17 02:50:50 CEST.

Flavor Version Tinstall Tcheck Ttotal Status Flags
r-devel-linux-x86_64-debian-clang 2.3.3 4.37 36.70 41.07 NOTE
r-devel-linux-x86_64-debian-gcc 2.3.3 3.13 27.53 30.66 NOTE
r-devel-linux-x86_64-fedora-clang 2.3.3 57.16 NOTE
r-devel-linux-x86_64-fedora-gcc 2.3.3 45.66 NOTE
r-devel-windows-x86_64 2.3.3 6.00 51.00 57.00 NOTE
r-devel-windows-x86_64-gcc10-UCRT 2.3.3 NOTE
r-patched-linux-x86_64 2.3.3 4.01 33.96 37.97 NOTE
r-patched-solaris-x86 2.3.3 70.40 NOTE
r-release-linux-x86_64 2.3.3 3.81 34.23 38.04 NOTE
r-release-macos-arm64 2.3.3 NOTE
r-release-macos-x86_64 2.3.3 NOTE
r-release-windows-ix86+x86_64 2.3.3 9.00 55.00 64.00 NOTE
r-oldrel-macos-x86_64 2.3.3 OK
r-oldrel-windows-ix86+x86_64 2.3.3 6.00 52.00 58.00 OK

Check Details

Version: 2.3.3
Check: LazyData
Result: NOTE
     'LazyData' is specified without a 'data' directory
Flavors: r-devel-linux-x86_64-debian-clang, r-devel-linux-x86_64-debian-gcc, r-devel-linux-x86_64-fedora-clang, r-devel-linux-x86_64-fedora-gcc, r-devel-windows-x86_64, r-devel-windows-x86_64-gcc10-UCRT, r-patched-linux-x86_64, r-patched-solaris-x86, r-release-linux-x86_64, r-release-macos-arm64, r-release-macos-x86_64, r-release-windows-ix86+x86_64