CRAN Package Check Results for Package pimeta

Last updated on 2020-06-01 06:48:33 CEST.

Flavor Version Tinstall Tcheck Ttotal Status Flags
r-devel-linux-x86_64-debian-clang 1.1.3 41.21 53.71 94.92 OK
r-devel-linux-x86_64-debian-gcc 1.1.3 33.70 40.18 73.88 OK
r-devel-linux-x86_64-fedora-clang 1.1.3 137.46 NOTE
r-devel-linux-x86_64-fedora-gcc 1.1.3 120.32 NOTE
r-devel-windows-ix86+x86_64 1.1.3 98.00 125.00 223.00 OK
r-patched-linux-x86_64 1.1.3 33.66 53.16 86.82 OK
r-patched-solaris-x86 1.1.3 171.60 NOTE
r-release-linux-x86_64 1.1.3 38.13 53.76 91.89 OK
r-release-osx-x86_64 1.1.3 NOTE
r-release-windows-ix86+x86_64 1.1.3 71.00 186.00 257.00 OK
r-oldrel-osx-x86_64 1.1.3 NOTE
r-oldrel-windows-ix86+x86_64 1.1.3 71.00 95.00 166.00 OK

Check Details

Version: 1.1.3
Check: installed package size
Result: NOTE
     installed size is 11.3Mb
     sub-directories of 1Mb or more:
     libs 11.0Mb
Flavors: r-devel-linux-x86_64-fedora-clang, r-release-osx-x86_64, r-oldrel-osx-x86_64

Version: 1.1.3
Check: dependencies in R code
Result: NOTE
    Namespace in Imports field not imported from: ‘utils’
     All declared Imports should be used.
Flavors: r-devel-linux-x86_64-fedora-clang, r-devel-linux-x86_64-fedora-gcc, r-patched-solaris-x86, r-release-osx-x86_64, r-oldrel-osx-x86_64