CRAN Package Check Results for Package pimeta

Last updated on 2019-09-22 19:51:27 CEST.

Flavor Version Tinstall Tcheck Ttotal Status Flags
r-devel-linux-x86_64-debian-clang 1.1.3 33.21 50.93 84.14 OK
r-devel-linux-x86_64-debian-gcc 1.1.3 31.92 37.78 69.70 OK
r-devel-linux-x86_64-fedora-clang 1.1.3 117.59 NOTE
r-devel-linux-x86_64-fedora-gcc 1.1.3 114.03 NOTE
r-devel-windows-ix86+x86_64 1.1.3 80.00 108.00 188.00 OK
r-patched-linux-x86_64 1.1.3 36.16 48.59 84.75 OK
r-patched-solaris-x86 1.1.3 162.20 NOTE
r-release-linux-x86_64 1.1.3 32.18 49.91 82.09 OK
r-release-windows-ix86+x86_64 1.1.3 90.00 123.00 213.00 OK
r-release-osx-x86_64 1.1.3 NOTE
r-oldrel-windows-ix86+x86_64 1.1.2 59.00 81.00 140.00 OK
r-oldrel-osx-x86_64 1.1.3 NOTE

Check Details

Version: 1.1.3
Check: installed package size
Result: NOTE
     installed size is 11.0Mb
     sub-directories of 1Mb or more:
     libs 10.7Mb
Flavors: r-devel-linux-x86_64-fedora-clang, r-release-osx-x86_64, r-oldrel-osx-x86_64

Version: 1.1.3
Check: dependencies in R code
Result: NOTE
    Namespace in Imports field not imported from: ‘utils’
     All declared Imports should be used.
Flavors: r-devel-linux-x86_64-fedora-clang, r-devel-linux-x86_64-fedora-gcc, r-patched-solaris-x86, r-release-osx-x86_64, r-oldrel-osx-x86_64