CRAN Package Check Results for Package pillar

Last updated on 2019-12-14 03:49:05 CET.

Flavor Version Tinstall Tcheck Ttotal Status Flags
r-devel-linux-x86_64-debian-clang 1.4.2 4.09 37.26 41.35 OK
r-devel-linux-x86_64-debian-gcc 1.4.2 3.20 41.72 44.92 OK
r-devel-linux-x86_64-fedora-clang 1.4.2 72.42 OK
r-devel-linux-x86_64-fedora-gcc 1.4.2 70.48 OK
r-devel-windows-ix86+x86_64 1.4.2 9.00 84.00 93.00 OK
r-devel-windows-ix86+x86_64-gcc8 1.4.2 9.00 79.00 88.00 OK
r-patched-linux-x86_64 1.4.2 3.44 48.93 52.37 OK
r-patched-solaris-x86 1.4.2 79.80 WARN
r-release-linux-x86_64 1.4.2 4.02 49.02 53.04 OK
r-release-windows-ix86+x86_64 1.4.2 8.00 53.00 61.00 OK
r-release-osx-x86_64 1.4.2 OK
r-oldrel-windows-ix86+x86_64 1.4.2 7.00 51.00 58.00 OK
r-oldrel-osx-x86_64 1.4.2 OK

Check Details

Version: 1.4.2
Check: for unstated dependencies in ‘tests’
Result: WARN
    Warning in deparse(e[[2L]]) :
     it is not known that wchar_t is Unicode on this platform
    Warning in deparse(e[[2L]]) :
     it is not known that wchar_t is Unicode on this platform
    Warning in deparse(e[[2L]]) :
     it is not known that wchar_t is Unicode on this platform
    Warning in deparse(e[[2L]]) :
     it is not known that wchar_t is Unicode on this platform
    Warning in deparse(e[[2L]]) :
     it is not known that wchar_t is Unicode on this platform
    Warning in deparse(e[[2L]]) :
     it is not known that wchar_t is Unicode on this platform
    Warning in deparse(e[[2L]]) :
     it is not known that wchar_t is Unicode on this platform
    Warning in deparse(e[[2L]]) :
     it is not known that wchar_t is Unicode on this platform
    Warning in deparse(e[[2L]]) :
     it is not known that wchar_t is Unicode on this platform
    Warning in deparse(e[[2L]]) :
     it is not known that wchar_t is Unicode on this platform
Flavor: r-patched-solaris-x86