CRAN Package Check Results for Package pillar

Last updated on 2019-03-24 19:48:12 CET.

Flavor Version Tinstall Tcheck Ttotal Status Flags
r-devel-linux-x86_64-debian-clang 1.3.1 3.29 40.04 43.33 ERROR
r-devel-linux-x86_64-debian-gcc 1.3.1 3.19 40.60 43.79 OK
r-devel-linux-x86_64-fedora-clang 1.3.1 65.35 OK
r-devel-linux-x86_64-fedora-gcc 1.3.1 64.31 OK
r-devel-windows-ix86+x86_64 1.3.1 15.00 62.00 77.00 OK
r-patched-linux-x86_64 1.3.1 2.72 55.62 58.34 OK
r-patched-solaris-x86 1.3.1 86.10 OK
r-release-linux-x86_64 1.3.1 3.05 54.43 57.48 OK
r-release-windows-ix86+x86_64 1.3.1 7.00 52.00 59.00 OK
r-release-osx-x86_64 1.3.1 OK
r-oldrel-windows-ix86+x86_64 1.3.1 5.00 58.00 63.00 OK
r-oldrel-osx-x86_64 1.3.1 OK

Check Details

Version: 1.3.1
Check: tests
Result: ERROR
     Running 'testthat.R' [11s/11s]
    Running the tests in 'tests/testthat.R' failed.
    Complete output:
     > library(testthat)
     > library(pillar)
     >
     > test_check("pillar")
     -- 1. Failure: output test (@test-format_character.R#80) ----------------------
     `print(eval_tidy(object))` has changed from known value recorded in 'out-native/deal1.txt'.
     4/4 mismatches
     x[1]: "<U+6210><U+4EA4> "
     y[1]: "<U+6210><U+4EA4> "
    
     x[2]: "<chr> "
     y[2]: "<chr> "
    
     x[3]: "\"\\u6210\\u4ea4\\u65e5\""
     y[3]: "<U+6210><U+4EA4><U+65E5>"
    
     x[4]: "<NA> "
     y[4]: "<NA> "
    
     -- 2. Failure: output test (@test-format_character.R#81) ----------------------
     `print(eval_tidy(object))` has changed from known value recorded in 'out-native/deal2.txt'.
     4/4 mismatches
     x[1]: "<U+6210><U+4EA4><U+65E5> "
     y[1]: "<U+6210><U+4EA4><U+65E5>"
    
     x[2]: "<chr> "
     y[2]: "<chr> "
    
     x[3]: "\"\\u6210\\u4ea4\""
     y[3]: "<U+6210><U+4EA4> "
    
     x[4]: "<NA> "
     y[4]: "<NA> "
    
     -- 3. Failure: output test (@test-format_character.R#86) ----------------------
     `print(eval_tidy(object))` has changed from known value recorded in 'out-native/utf8.txt'.
     17/17 mismatches
     x[1]: " chars desc
     x[1]: "
     y[1]: " chars desc
     y[1]: "
    
     x[2]: " <chr> <chr>
     x[2]: "
     y[2]: " <chr> <chr>
     y[2]: "
    
     x[3]: " 1 \"\\u0001\\u001f\" C0 c
     x[3]: ontrol code"
     y[3]: " 1 \"\\u0001\\u001f\" C0 con
     y[3]: trol code "
    
     x[4]: " 2 \"\\a\\b\\f\\n\\r\\t\"
     x[4]: Named control ~"
     y[4]: " 2 \"\\a\\b\\f\\n\\r\\t\" Na
     y[4]: med control co~"
    
     x[5]: " 3 abcdefuvwxyz ASCII
     x[5]: "
     y[5]: " 3 abcdefuvwxyz ASCII
     y[5]: "
    
     == testthat results ===========================================================
     OK: 210 SKIPPED: 0 FAILED: 3
     1. Failure: output test (@test-format_character.R#80)
     2. Failure: output test (@test-format_character.R#81)
     3. Failure: output test (@test-format_character.R#86)
    
     Error: testthat unit tests failed
     Execution halted
Flavor: r-devel-linux-x86_64-debian-clang