CRAN Package Check Results for Package pillar

Last updated on 2019-05-21 17:48:30 CEST.

Flavor Version Tinstall Tcheck Ttotal Status Flags
r-devel-linux-x86_64-debian-clang 1.4.0 4.52 33.83 38.35 OK
r-devel-linux-x86_64-debian-gcc 1.4.0 2.68 37.47 40.15 OK
r-devel-linux-x86_64-fedora-clang 1.4.0 62.49 NOTE
r-devel-linux-x86_64-fedora-gcc 1.4.0 57.15 NOTE
r-devel-windows-ix86+x86_64 1.4.0 7.00 74.00 81.00 OK
r-patched-linux-x86_64 1.4.0 3.89 47.31 51.20 OK
r-patched-solaris-x86 1.4.0 80.00 NOTE
r-release-linux-x86_64 1.4.0 4.37 47.08 51.45 OK
r-release-windows-ix86+x86_64 1.4.0 10.00 72.00 82.00 OK
r-release-osx-x86_64 1.4.0 NOTE
r-oldrel-windows-ix86+x86_64 1.4.0 6.00 47.00 53.00 OK
r-oldrel-osx-x86_64 1.4.0 NOTE

Check Details

Version: 1.4.0
Check: dependencies in R code
Result: NOTE
    Namespace in Imports field not imported from: ‘methods’
     All declared Imports should be used.
Flavors: r-devel-linux-x86_64-fedora-clang, r-devel-linux-x86_64-fedora-gcc, r-patched-solaris-x86, r-release-osx-x86_64, r-oldrel-osx-x86_64