CRAN Package Check Results for Package pillar

Last updated on 2020-07-04 20:47:31 CEST.

Flavor Version Tinstall Tcheck Ttotal Status Flags
r-devel-linux-x86_64-debian-clang 1.4.4 4.73 37.21 41.94 OK
r-devel-linux-x86_64-debian-gcc 1.4.4 3.88 41.42 45.30 OK
r-devel-linux-x86_64-fedora-clang 1.4.4 75.85 OK
r-devel-linux-x86_64-fedora-gcc 1.4.4 64.35 OK
r-devel-windows-ix86+x86_64 1.4.4 10.00 54.00 64.00 OK
r-patched-linux-x86_64 1.4.4 4.90 52.16 57.06 OK
r-patched-solaris-x86 1.4.4 84.80 WARN
r-release-linux-x86_64 1.4.4 4.57 52.49 57.06 OK
r-release-osx-x86_64 1.4.4 OK
r-release-windows-ix86+x86_64 1.4.4 10.00 56.00 66.00 OK
r-oldrel-osx-x86_64 1.4.4 OK
r-oldrel-windows-ix86+x86_64 1.4.4 26.00 69.00 95.00 OK

Check Details

Version: 1.4.4
Check: for unstated dependencies in ‘tests’
Result: WARN
    Warning in deparse(e[[2L]]) :
     it is not known that wchar_t is Unicode on this platform
    Warning in deparse(e[[2L]]) :
     it is not known that wchar_t is Unicode on this platform
    Warning in deparse(e[[2L]]) :
     it is not known that wchar_t is Unicode on this platform
    Warning in deparse(e[[2L]]) :
     it is not known that wchar_t is Unicode on this platform
    Warning in deparse(e[[2L]]) :
     it is not known that wchar_t is Unicode on this platform
    Warning in deparse(e[[2L]]) :
     it is not known that wchar_t is Unicode on this platform
    Warning in deparse(e[[2L]]) :
     it is not known that wchar_t is Unicode on this platform
    Warning in deparse(e[[2L]]) :
     it is not known that wchar_t is Unicode on this platform
    Warning in deparse(e[[2L]]) :
     it is not known that wchar_t is Unicode on this platform
    Warning in deparse(e[[2L]]) :
     it is not known that wchar_t is Unicode on this platform
Flavor: r-patched-solaris-x86