CRAN Package Check Results for Package pid

Last updated on 2022-05-19 07:50:16 CEST.

Flavor Version Tinstall Tcheck Ttotal Status Flags
r-devel-linux-x86_64-debian-clang 0.50 7.98 85.25 93.23 OK
r-devel-linux-x86_64-debian-gcc 0.50 4.12 63.75 67.87 OK
r-devel-linux-x86_64-fedora-clang 0.50 111.63 NOTE
r-devel-linux-x86_64-fedora-gcc 0.50 111.95 NOTE
r-devel-windows-x86_64 0.50 14.00 98.00 112.00 OK
r-patched-linux-x86_64 0.50 6.47 80.24 86.71 OK
r-release-linux-x86_64 0.50 5.59 80.59 86.18 OK
r-release-macos-arm64 0.50 31.00 NOTE
r-release-macos-x86_64 0.50 61.00 NOTE
r-release-windows-x86_64 0.50 18.00 104.00 122.00 OK
r-oldrel-macos-arm64 0.50 39.00 NOTE
r-oldrel-macos-x86_64 0.50 58.00 NOTE
r-oldrel-windows-ix86+x86_64 0.50 18.00 129.00 147.00 OK

Check Details

Version: 0.50
Check: dependencies in R code
Result: NOTE
    Namespace in Imports field not imported from: ‘FrF2.catlg128’
     All declared Imports should be used.
Flavors: r-devel-linux-x86_64-fedora-clang, r-devel-linux-x86_64-fedora-gcc, r-release-macos-arm64, r-release-macos-x86_64, r-oldrel-macos-arm64, r-oldrel-macos-x86_64

Version: 0.50
Check: Rd cross-references
Result: NOTE
    Undeclared package ‘BsMD’ in Rd xrefs
Flavor: r-devel-linux-x86_64-fedora-clang