CRAN Package Check Results for Package picasso

Last updated on 2020-07-04 18:49:03 CEST.

Flavor Version Tinstall Tcheck Ttotal Status Flags
r-devel-linux-x86_64-debian-clang 1.3.1 20.45 69.73 90.18 OK
r-devel-linux-x86_64-debian-gcc 1.3.1 14.07 55.63 69.70 OK
r-devel-linux-x86_64-fedora-clang 1.3.1 119.58 NOTE
r-devel-linux-x86_64-fedora-gcc 1.3.1 107.01 OK
r-devel-windows-ix86+x86_64 1.3.1 48.00 104.00 152.00 OK
r-patched-linux-x86_64 1.3.1 17.51 69.79 87.30 OK
r-patched-solaris-x86 1.3.1 167.30 OK
r-release-linux-x86_64 1.3.1 17.24 70.03 87.27 OK
r-release-osx-x86_64 1.3.1 NOTE
r-release-windows-ix86+x86_64 1.3.1 33.00 109.00 142.00 OK
r-oldrel-osx-x86_64 1.3.1 NOTE
r-oldrel-windows-ix86+x86_64 1.3.1 37.00 148.00 185.00 OK

Check Details

Version: 1.3.1
Check: installed package size
Result: NOTE
     installed size is 5.6Mb
     sub-directories of 1Mb or more:
     libs 4.5Mb
Flavors: r-devel-linux-x86_64-fedora-clang, r-release-osx-x86_64, r-oldrel-osx-x86_64