Last updated on 2019-12-14 03:49:05 CET.
Flavor | Version | Tinstall | Tcheck | Ttotal | Status | Flags |
---|---|---|---|---|---|---|
r-devel-linux-x86_64-debian-clang | 1.3.1 | 19.20 | 68.00 | 87.20 | OK | |
r-devel-linux-x86_64-debian-gcc | 1.3.1 | 14.13 | 53.52 | 67.65 | OK | |
r-devel-linux-x86_64-fedora-clang | 1.3.1 | 107.89 | NOTE | |||
r-devel-linux-x86_64-fedora-gcc | 1.3.1 | 104.63 | OK | |||
r-devel-windows-ix86+x86_64 | 1.3.1 | 34.00 | 143.00 | 177.00 | OK | |
r-devel-windows-ix86+x86_64-gcc8 | 1.3.1 | 35.00 | 141.00 | 176.00 | OK | |
r-patched-linux-x86_64 | 1.3.1 | 16.51 | 63.31 | 79.82 | OK | |
r-patched-solaris-x86 | 1.3.1 | 157.70 | OK | |||
r-release-linux-x86_64 | 1.3.1 | 15.72 | 62.60 | 78.32 | OK | |
r-release-windows-ix86+x86_64 | 1.3.1 | 31.00 | 101.00 | 132.00 | OK | |
r-release-osx-x86_64 | 1.3.1 | NOTE | ||||
r-oldrel-windows-ix86+x86_64 | 1.3.1 | 27.00 | 131.00 | 158.00 | OK | |
r-oldrel-osx-x86_64 | 1.3.1 | NOTE |
Version: 1.3.1
Check: installed package size
Result: NOTE
installed size is 5.5Mb
sub-directories of 1Mb or more:
libs 4.5Mb
Flavors: r-devel-linux-x86_64-fedora-clang, r-release-osx-x86_64, r-oldrel-osx-x86_64