CRAN Package Check Results for Package piRF

Last updated on 2022-11-28 07:49:59 CET.

Flavor Version Tinstall Tcheck Ttotal Status Flags
r-devel-linux-x86_64-debian-clang 0.1.0 2.00 47.57 49.57 NOTE
r-devel-linux-x86_64-debian-gcc 0.1.0 2.15 36.49 38.64 NOTE
r-devel-linux-x86_64-fedora-clang 0.1.0 71.81 NOTE
r-devel-linux-x86_64-fedora-gcc 0.1.0 69.59 NOTE
r-devel-windows-x86_64 0.1.0 14.00 75.00 89.00 NOTE
r-patched-linux-x86_64 0.1.0 3.62 44.00 47.62 OK
r-release-linux-x86_64 0.1.0 2.96 44.19 47.15 OK
r-release-macos-arm64 0.1.0 24.00 OK
r-release-macos-x86_64 0.1.0 31.00 OK
r-release-windows-x86_64 0.1.0 24.00 77.00 101.00 OK
r-oldrel-macos-arm64 0.1.0 29.00 OK
r-oldrel-macos-x86_64 0.1.0 45.00 OK
r-oldrel-windows-ix86+x86_64 0.1.0 7.00 71.00 78.00 OK

Check Details

Version: 0.1.0
Check: package subdirectories
Result: NOTE
    Problems with news in 'NEWS.md':
    No news entries found.
Flavors: r-devel-linux-x86_64-debian-clang, r-devel-linux-x86_64-debian-gcc, r-devel-linux-x86_64-fedora-clang, r-devel-linux-x86_64-fedora-gcc, r-devel-windows-x86_64