Last updated on 2023-12-08 14:50:40 CET.
Flavor | Version | Tinstall | Tcheck | Ttotal | Status | Flags |
---|---|---|---|---|---|---|
r-devel-linux-x86_64-debian-clang | 0.9.11 | 20.24 | 149.36 | 169.60 | NOTE | |
r-devel-linux-x86_64-debian-gcc | 0.9.11 | 14.51 | 109.77 | 124.28 | NOTE | |
r-devel-linux-x86_64-fedora-clang | 0.9.11 | 215.28 | OK | |||
r-devel-linux-x86_64-fedora-gcc | 0.9.11 | 215.62 | OK | |||
r-devel-windows-x86_64 | 0.9.11 | 21.00 | 136.00 | 157.00 | OK | |
r-patched-linux-x86_64 | 0.9.11 | 21.92 | 144.71 | 166.63 | OK | |
r-release-linux-x86_64 | 0.9.11 | 17.25 | 143.46 | 160.71 | OK | |
r-release-macos-arm64 | 0.9.11 | 73.00 | OK | |||
r-release-macos-x86_64 | 0.9.11 | 174.00 | OK | |||
r-release-windows-x86_64 | 0.9.11 | 27.00 | 167.00 | 194.00 | OK | |
r-oldrel-macos-arm64 | 0.9.11 | 68.00 | OK | |||
r-oldrel-macos-x86_64 | 0.9.11 | 84.00 | OK | |||
r-oldrel-windows-x86_64 | 0.9.11 | 24.00 | 163.00 | 187.00 | OK |
Version: 0.9.11
Check: Rd files
Result: NOTE
checkRd: (-1) phylter.Rd:51: Lost braces; missing escapes or markup?
51 | the output ({out$DiscardedGenes}).}
| ^
Flavors: r-devel-linux-x86_64-debian-clang, r-devel-linux-x86_64-debian-gcc