CRAN Package Check Results for Package phyloseqGraphTest

Last updated on 2019-09-22 18:47:43 CEST.

Flavor Version Tinstall Tcheck Ttotal Status Flags
r-devel-linux-x86_64-debian-clang 0.0.2 19.77 210.87 230.64 OK
r-devel-linux-x86_64-debian-gcc 0.0.2 18.41 162.01 180.42 OK
r-devel-linux-x86_64-fedora-clang 0.0.2 273.96 NOTE
r-devel-linux-x86_64-fedora-gcc 0.0.2 287.16 NOTE
r-devel-windows-ix86+x86_64 0.0.2 72.00 204.00 276.00 OK
r-patched-linux-x86_64 0.0.2 17.84 199.37 217.21 OK
r-patched-solaris-x86 0.0.2 417.20 NOTE
r-release-linux-x86_64 0.0.2 21.13 205.91 227.04 OK
r-release-windows-ix86+x86_64 0.0.2 36.00 203.00 239.00 OK
r-release-osx-x86_64 0.0.2 ERROR
r-oldrel-windows-ix86+x86_64 0.0.2 26.00 190.00 216.00 OK
r-oldrel-osx-x86_64 0.0.2 ERROR

Check Details

Version: 0.0.2
Check: dependencies in R code
Result: NOTE
    Namespace in Imports field not imported from: ‘intergraph’
     All declared Imports should be used.
Flavors: r-devel-linux-x86_64-fedora-clang, r-devel-linux-x86_64-fedora-gcc, r-patched-solaris-x86

Version: 0.0.2
Check: package dependencies
Result: ERROR
    Package required but not available: ‘phyloseq’
    
    See section ‘The DESCRIPTION file’ in the ‘Writing R Extensions’
    manual.
Flavor: r-release-osx-x86_64

Version: 0.0.2
Check: package dependencies
Result: ERROR
    Package required and available but unsuitable version: ‘phyloseq’
    
    See section ‘The DESCRIPTION file’ in the ‘Writing R Extensions’
    manual.
Flavor: r-oldrel-osx-x86_64