CRAN Package Check Results for Package phyloseqGraphTest

Last updated on 2020-02-22 17:47:34 CET.

Flavor Version Tinstall Tcheck Ttotal Status Flags
r-devel-linux-x86_64-debian-clang 0.1.0 21.44 218.80 240.24 OK
r-devel-linux-x86_64-debian-gcc 0.1.0 20.56 164.08 184.64 OK
r-devel-linux-x86_64-fedora-clang 0.1.0 311.35 NOTE
r-devel-linux-x86_64-fedora-gcc 0.1.0 279.60 NOTE
r-devel-windows-ix86+x86_64 0.1.0 47.00 189.00 236.00 OK
r-devel-windows-ix86+x86_64-gcc8 0.1.0 40.00 7.00 47.00 ERROR
r-patched-linux-x86_64 0.1.0 OK
r-patched-solaris-x86 0.1.0 403.90 NOTE
r-release-linux-x86_64 0.1.0 19.81 187.05 206.86 OK
r-release-windows-ix86+x86_64 0.1.0 37.00 173.00 210.00 OK
r-release-osx-x86_64 0.1.0 NOTE
r-oldrel-windows-ix86+x86_64 0.1.0 26.00 186.00 212.00 OK
r-oldrel-osx-x86_64 0.1.0 ERROR

Check Details

Version: 0.1.0
Check: dependencies in R code
Result: NOTE
    Namespace in Imports field not imported from: ‘intergraph’
     All declared Imports should be used.
Flavors: r-devel-linux-x86_64-fedora-clang, r-devel-linux-x86_64-fedora-gcc, r-patched-solaris-x86, r-release-osx-x86_64

Version: 0.1.0
Check: whether package can be installed
Result: ERROR
    Installation failed.
Flavor: r-devel-windows-ix86+x86_64-gcc8

Version: 0.1.0
Check: package dependencies
Result: ERROR
    Package required and available but unsuitable version: ‘phyloseq’
    
    See section ‘The DESCRIPTION file’ in the ‘Writing R Extensions’
    manual.
Flavor: r-oldrel-osx-x86_64