Last updated on 2023-12-08 17:51:14 CET.
Flavor | Version | Tinstall | Tcheck | Ttotal | Status | Flags |
---|---|---|---|---|---|---|
r-devel-linux-x86_64-debian-clang | 0.1.0 | 27.58 | 284.93 | 312.51 | NOTE | |
r-devel-linux-x86_64-debian-gcc | 0.1.0 | 24.21 | 207.22 | 231.43 | NOTE | |
r-devel-linux-x86_64-fedora-clang | 0.1.0 | 386.73 | NOTE | |||
r-devel-linux-x86_64-fedora-gcc | 0.1.0 | 386.84 | NOTE | |||
r-devel-windows-x86_64 | 0.1.0 | 25.00 | 196.00 | 221.00 | NOTE | |
r-patched-linux-x86_64 | 0.1.0 | 21.96 | 273.86 | 295.82 | NOTE | |
r-release-linux-x86_64 | 0.1.0 | 19.10 | 271.25 | 290.35 | NOTE | |
r-release-macos-arm64 | 0.1.0 | 9.00 | ERROR | |||
r-release-macos-x86_64 | 0.1.0 | 10.00 | ERROR | |||
r-release-windows-x86_64 | 0.1.0 | 32.00 | 241.00 | 273.00 | NOTE | |
r-oldrel-macos-arm64 | 0.1.0 | 88.00 | NOTE | |||
r-oldrel-macos-x86_64 | 0.1.0 | 174.00 | NOTE | |||
r-oldrel-windows-x86_64 | 0.1.0 | 34.00 | 241.00 | 275.00 | NOTE |
Version: 0.1.0
Check: LazyData
Result: NOTE
'LazyData' is specified without a 'data' directory
Flavors: r-devel-linux-x86_64-debian-clang, r-devel-linux-x86_64-debian-gcc, r-devel-linux-x86_64-fedora-clang, r-devel-linux-x86_64-fedora-gcc, r-devel-windows-x86_64, r-patched-linux-x86_64, r-release-linux-x86_64, r-release-windows-x86_64, r-oldrel-macos-arm64, r-oldrel-macos-x86_64, r-oldrel-windows-x86_64
Version: 0.1.0
Check: dependencies in R code
Result: NOTE
Namespace in Imports field not imported from: ‘intergraph’
All declared Imports should be used.
Flavors: r-devel-linux-x86_64-fedora-clang, r-devel-linux-x86_64-fedora-gcc, r-oldrel-macos-arm64, r-oldrel-macos-x86_64
Version: 0.1.0
Check: package dependencies
Result: ERROR
Package required but not available: ‘phyloseq’
See section ‘The DESCRIPTION file’ in the ‘Writing R Extensions’
manual.
Flavors: r-release-macos-arm64, r-release-macos-x86_64